{"id":17746,"date":"2026-03-31T16:15:04","date_gmt":"2026-03-31T14:15:04","guid":{"rendered":"https:\/\/www.neuillysurmarne.fr\/?post_type=evenements&#038;p=17746"},"modified":"2026-03-31T16:15:04","modified_gmt":"2026-03-31T14:15:04","slug":"arkeorikiki-le-neolithique","status":"publish","type":"evenements","link":"https:\/\/www.neuillysurmarne.fr\/ar\/evenements\/arkeorikiki-le-neolithique\/","title":{"rendered":"Ark\u00e9orikiki : Le N\u00e9olithique"},"content":{"rendered":"<h3><strong>\u00c9v\u00e9nement<\/strong><\/h3>\n<h3><strong>ARK\u00c9ORIKIKI : LE N\u00c9OLITHIQUE<\/strong><\/h3>\n<p><strong>Dimanche 21 juin de 13h30 \u00e0 18h<\/strong><br \/>\n<strong>Arch\u00e9osite de la Haute-\u00cele<\/strong><\/p>\n<p>Venez exp\u00e9rimenter les innovations du N\u00e9olithique : des gestes et des techniques r\u00e9volutionnaires que vous d\u00e9couvrirez au travers d\u2019ateliers.<br \/>\nArk\u00e9orikiki : les tout-petits (0-3 ans) sont invit\u00e9s \u00e0 une animation sp\u00e9cialement pr\u00e9par\u00e9e pour eux.<br \/>\nAvec les m\u00e9diateur\u00b7rice\u00b7s de l&rsquo;Arch\u00e9osite.<\/p>\n<p>Tout public, inscription conseill\u00e9e sur exploreparis.com<\/p>","protected":false},"featured_media":14746,"template":"","categorie-evenement":[228],"class_list":["post-17746","evenements","type-evenements","status-publish","has-post-thumbnail","hentry","categorie-evenement-animation"],"acf":[],"yoast_head":"<!-- This site is optimized with the Yoast SEO plugin v27.4 - https:\/\/yoast.com\/product\/yoast-seo-wordpress\/ -->\n<title>Ark\u00e9orikiki : Le N\u00e9olithique - Mairie de Neuilly-sur-Marne<\/title>\n<meta name=\"robots\" content=\"index, follow, max-snippet:-1, max-image-preview:large, max-video-preview:-1\" \/>\n<link rel=\"canonical\" href=\"https:\/\/www.neuillysurmarne.fr\/ar\/evenements\/arkeorikiki-le-neolithique\/\" \/>\n<meta property=\"og:locale\" content=\"ar_AR\" \/>\n<meta property=\"og:type\" content=\"article\" \/>\n<meta property=\"og:title\" content=\"Ark\u00e9orikiki : Le N\u00e9olithique - Mairie de Neuilly-sur-Marne\" \/>\n<meta property=\"og:description\" content=\"\u00c9v\u00e9nement ARK\u00c9ORIKIKI : LE N\u00c9OLITHIQUE Dimanche 21 juin de 13h30 \u00e0 18h Arch\u00e9osite de la Haute-\u00cele Venez exp\u00e9rimenter les innovations du N\u00e9olithique : des gestes et des techniques r\u00e9volutionnaires que vous d\u00e9couvrirez au travers d\u2019ateliers. Ark\u00e9orikiki : les tout-petits (0-3 ans) sont invit\u00e9s \u00e0 une animation sp\u00e9cialement pr\u00e9par\u00e9e pour eux. Avec les m\u00e9diateur\u00b7rice\u00b7s de l&rsquo;Arch\u00e9osite. [&hellip;]\" \/>\n<meta property=\"og:url\" content=\"https:\/\/www.neuillysurmarne.fr\/ar\/evenements\/arkeorikiki-le-neolithique\/\" \/>\n<meta property=\"og:site_name\" content=\"Mairie de Neuilly-sur-Marne\" \/>\n<meta property=\"article:publisher\" content=\"https:\/\/www.facebook.com\/ville.neuilly\" \/>\n<meta property=\"og:image\" content=\"https:\/\/www.neuillysurmarne.fr\/wp-content\/uploads\/2025\/03\/Image-site-A-la-Une-11.png\" \/>\n\t<meta property=\"og:image:width\" content=\"1200\" \/>\n\t<meta property=\"og:image:height\" content=\"480\" \/>\n\t<meta property=\"og:image:type\" content=\"image\/png\" \/>\n<meta name=\"twitter:card\" content=\"summary_large_image\" \/>\n<meta name=\"twitter:label1\" content=\"\u0648\u0642\u062a \u0627\u0644\u0642\u0631\u0627\u0621\u0629 \u0627\u0644\u0645\u064f\u0642\u062f\u0651\u0631\" \/>\n\t<meta name=\"twitter:data1\" content=\"\u062f\u0642\u064a\u0642\u0629 \u0648\u0627\u062d\u062f\u0629\" \/>\n<script type=\"application\/ld+json\" class=\"yoast-schema-graph\">{\"@context\":\"https:\\\/\\\/schema.org\",\"@graph\":[{\"@type\":\"WebPage\",\"@id\":\"https:\\\/\\\/www.neuillysurmarne.fr\\\/evenements\\\/arkeorikiki-le-neolithique\\\/\",\"url\":\"https:\\\/\\\/www.neuillysurmarne.fr\\\/evenements\\\/arkeorikiki-le-neolithique\\\/\",\"name\":\"Ark\u00e9orikiki : Le N\u00e9olithique - Mairie de Neuilly-sur-Marne\",\"isPartOf\":{\"@id\":\"https:\\\/\\\/www.neuillysurmarne.fr\\\/es\\\/#website\"},\"primaryImageOfPage\":{\"@id\":\"https:\\\/\\\/www.neuillysurmarne.fr\\\/evenements\\\/arkeorikiki-le-neolithique\\\/#primaryimage\"},\"image\":{\"@id\":\"https:\\\/\\\/www.neuillysurmarne.fr\\\/evenements\\\/arkeorikiki-le-neolithique\\\/#primaryimage\"},\"thumbnailUrl\":\"https:\\\/\\\/www.neuillysurmarne.fr\\\/wp-content\\\/uploads\\\/2025\\\/03\\\/Image-site-A-la-Une-11.png\",\"datePublished\":\"2026-03-31T14:15:04+00:00\",\"breadcrumb\":{\"@id\":\"https:\\\/\\\/www.neuillysurmarne.fr\\\/evenements\\\/arkeorikiki-le-neolithique\\\/#breadcrumb\"},\"inLanguage\":\"ar\",\"potentialAction\":[{\"@type\":\"ReadAction\",\"target\":[\"https:\\\/\\\/www.neuillysurmarne.fr\\\/evenements\\\/arkeorikiki-le-neolithique\\\/\"]}]},{\"@type\":\"ImageObject\",\"inLanguage\":\"ar\",\"@id\":\"https:\\\/\\\/www.neuillysurmarne.fr\\\/evenements\\\/arkeorikiki-le-neolithique\\\/#primaryimage\",\"url\":\"https:\\\/\\\/www.neuillysurmarne.fr\\\/wp-content\\\/uploads\\\/2025\\\/03\\\/Image-site-A-la-Une-11.png\",\"contentUrl\":\"https:\\\/\\\/www.neuillysurmarne.fr\\\/wp-content\\\/uploads\\\/2025\\\/03\\\/Image-site-A-la-Une-11.png\",\"width\":1200,\"height\":480},{\"@type\":\"BreadcrumbList\",\"@id\":\"https:\\\/\\\/www.neuillysurmarne.fr\\\/evenements\\\/arkeorikiki-le-neolithique\\\/#breadcrumb\",\"itemListElement\":[{\"@type\":\"ListItem\",\"position\":1,\"name\":\"Accueil\",\"item\":\"https:\\\/\\\/www.neuillysurmarne.fr\\\/\"},{\"@type\":\"ListItem\",\"position\":2,\"name\":\"Ark\u00e9orikiki : Le N\u00e9olithique\"}]},{\"@type\":\"WebSite\",\"@id\":\"https:\\\/\\\/www.neuillysurmarne.fr\\\/es\\\/#website\",\"url\":\"https:\\\/\\\/www.neuillysurmarne.fr\\\/es\\\/\",\"name\":\"Mairie de Neuilly-sur-Marne\",\"description\":\"BETA\",\"publisher\":{\"@id\":\"https:\\\/\\\/www.neuillysurmarne.fr\\\/es\\\/#organization\"},\"potentialAction\":[{\"@type\":\"SearchAction\",\"target\":{\"@type\":\"EntryPoint\",\"urlTemplate\":\"https:\\\/\\\/www.neuillysurmarne.fr\\\/es\\\/?s={search_term_string}\"},\"query-input\":{\"@type\":\"PropertyValueSpecification\",\"valueRequired\":true,\"valueName\":\"search_term_string\"}}],\"inLanguage\":\"ar\"},{\"@type\":\"Organization\",\"@id\":\"https:\\\/\\\/www.neuillysurmarne.fr\\\/es\\\/#organization\",\"name\":\"Mairie de Neuilly-sur-Marne\",\"url\":\"https:\\\/\\\/www.neuillysurmarne.fr\\\/es\\\/\",\"logo\":{\"@type\":\"ImageObject\",\"inLanguage\":\"ar\",\"@id\":\"https:\\\/\\\/www.neuillysurmarne.fr\\\/es\\\/#\\\/schema\\\/logo\\\/image\\\/\",\"url\":\"https:\\\/\\\/www.neuillysurmarne.fr\\\/wp-content\\\/uploads\\\/2023\\\/10\\\/LOGO-NeuillysurMarne-blanc.png\",\"contentUrl\":\"https:\\\/\\\/www.neuillysurmarne.fr\\\/wp-content\\\/uploads\\\/2023\\\/10\\\/LOGO-NeuillysurMarne-blanc.png\",\"width\":3308,\"height\":2586,\"caption\":\"Mairie de Neuilly-sur-Marne\"},\"image\":{\"@id\":\"https:\\\/\\\/www.neuillysurmarne.fr\\\/es\\\/#\\\/schema\\\/logo\\\/image\\\/\"},\"sameAs\":[\"https:\\\/\\\/www.facebook.com\\\/ville.neuilly\",\"https:\\\/\\\/www.instagram.com\\\/neuilly_marne\\\/\",\"https:\\\/\\\/www.linkedin.com\\\/company\\\/ville-de-neuilly-sur-marne\\\/\",\"https:\\\/\\\/www.youtube.com\\\/channel\\\/UCDdZ0TLrV8rfIqjBGvoeB5A\",\"https:\\\/\\\/www.tiktok.com\\\/@villedeneuillysurmarne\"]}]}<\/script>\n<!-- \/ Yoast SEO plugin. -->","yoast_head_json":{"title":"Ark\u00e9orikiki : Le N\u00e9olithique - Mairie de Neuilly-sur-Marne","robots":{"index":"index","follow":"follow","max-snippet":"max-snippet:-1","max-image-preview":"max-image-preview:large","max-video-preview":"max-video-preview:-1"},"canonical":"https:\/\/www.neuillysurmarne.fr\/ar\/evenements\/arkeorikiki-le-neolithique\/","og_locale":"ar_AR","og_type":"article","og_title":"Ark\u00e9orikiki : Le N\u00e9olithique - Mairie de Neuilly-sur-Marne","og_description":"\u00c9v\u00e9nement ARK\u00c9ORIKIKI : LE N\u00c9OLITHIQUE Dimanche 21 juin de 13h30 \u00e0 18h Arch\u00e9osite de la Haute-\u00cele Venez exp\u00e9rimenter les innovations du N\u00e9olithique : des gestes et des techniques r\u00e9volutionnaires que vous d\u00e9couvrirez au travers d\u2019ateliers. Ark\u00e9orikiki : les tout-petits (0-3 ans) sont invit\u00e9s \u00e0 une animation sp\u00e9cialement pr\u00e9par\u00e9e pour eux. Avec les m\u00e9diateur\u00b7rice\u00b7s de l&rsquo;Arch\u00e9osite. [&hellip;]","og_url":"https:\/\/www.neuillysurmarne.fr\/ar\/evenements\/arkeorikiki-le-neolithique\/","og_site_name":"Mairie de Neuilly-sur-Marne","article_publisher":"https:\/\/www.facebook.com\/ville.neuilly","og_image":[{"width":1200,"height":480,"url":"https:\/\/www.neuillysurmarne.fr\/wp-content\/uploads\/2025\/03\/Image-site-A-la-Une-11.png","type":"image\/png"}],"twitter_card":"summary_large_image","twitter_misc":{"\u0648\u0642\u062a \u0627\u0644\u0642\u0631\u0627\u0621\u0629 \u0627\u0644\u0645\u064f\u0642\u062f\u0651\u0631":"\u062f\u0642\u064a\u0642\u0629 \u0648\u0627\u062d\u062f\u0629"},"schema":{"@context":"https:\/\/schema.org","@graph":[{"@type":"WebPage","@id":"https:\/\/www.neuillysurmarne.fr\/evenements\/arkeorikiki-le-neolithique\/","url":"https:\/\/www.neuillysurmarne.fr\/evenements\/arkeorikiki-le-neolithique\/","name":"Ark\u00e9orikiki : Le N\u00e9olithique - Mairie de Neuilly-sur-Marne","isPartOf":{"@id":"https:\/\/www.neuillysurmarne.fr\/es\/#website"},"primaryImageOfPage":{"@id":"https:\/\/www.neuillysurmarne.fr\/evenements\/arkeorikiki-le-neolithique\/#primaryimage"},"image":{"@id":"https:\/\/www.neuillysurmarne.fr\/evenements\/arkeorikiki-le-neolithique\/#primaryimage"},"thumbnailUrl":"https:\/\/www.neuillysurmarne.fr\/wp-content\/uploads\/2025\/03\/Image-site-A-la-Une-11.png","datePublished":"2026-03-31T14:15:04+00:00","breadcrumb":{"@id":"https:\/\/www.neuillysurmarne.fr\/evenements\/arkeorikiki-le-neolithique\/#breadcrumb"},"inLanguage":"ar","potentialAction":[{"@type":"ReadAction","target":["https:\/\/www.neuillysurmarne.fr\/evenements\/arkeorikiki-le-neolithique\/"]}]},{"@type":"ImageObject","inLanguage":"ar","@id":"https:\/\/www.neuillysurmarne.fr\/evenements\/arkeorikiki-le-neolithique\/#primaryimage","url":"https:\/\/www.neuillysurmarne.fr\/wp-content\/uploads\/2025\/03\/Image-site-A-la-Une-11.png","contentUrl":"https:\/\/www.neuillysurmarne.fr\/wp-content\/uploads\/2025\/03\/Image-site-A-la-Une-11.png","width":1200,"height":480},{"@type":"BreadcrumbList","@id":"https:\/\/www.neuillysurmarne.fr\/evenements\/arkeorikiki-le-neolithique\/#breadcrumb","itemListElement":[{"@type":"ListItem","position":1,"name":"Accueil","item":"https:\/\/www.neuillysurmarne.fr\/"},{"@type":"ListItem","position":2,"name":"Ark\u00e9orikiki : Le N\u00e9olithique"}]},{"@type":"WebSite","@id":"https:\/\/www.neuillysurmarne.fr\/es\/#website","url":"https:\/\/www.neuillysurmarne.fr\/es\/","name":"\u062f\u0627\u0631 \u0628\u0644\u062f\u064a\u0629 \u0646\u0648\u064a\u064a-\u0633\u0648\u0631-\u0645\u0627\u0631\u0646","description":"\u0628\u064a\u062a\u0627","publisher":{"@id":"https:\/\/www.neuillysurmarne.fr\/es\/#organization"},"potentialAction":[{"@type":"SearchAction","target":{"@type":"EntryPoint","urlTemplate":"https:\/\/www.neuillysurmarne.fr\/es\/?s={search_term_string}"},"query-input":{"@type":"PropertyValueSpecification","valueRequired":true,"valueName":"search_term_string"}}],"inLanguage":"ar"},{"@type":"Organization","@id":"https:\/\/www.neuillysurmarne.fr\/es\/#organization","name":"\u062f\u0627\u0631 \u0628\u0644\u062f\u064a\u0629 \u0646\u0648\u064a\u064a-\u0633\u0648\u0631-\u0645\u0627\u0631\u0646","url":"https:\/\/www.neuillysurmarne.fr\/es\/","logo":{"@type":"ImageObject","inLanguage":"ar","@id":"https:\/\/www.neuillysurmarne.fr\/es\/#\/schema\/logo\/image\/","url":"https:\/\/www.neuillysurmarne.fr\/wp-content\/uploads\/2023\/10\/LOGO-NeuillysurMarne-blanc.png","contentUrl":"https:\/\/www.neuillysurmarne.fr\/wp-content\/uploads\/2023\/10\/LOGO-NeuillysurMarne-blanc.png","width":3308,"height":2586,"caption":"Mairie de Neuilly-sur-Marne"},"image":{"@id":"https:\/\/www.neuillysurmarne.fr\/es\/#\/schema\/logo\/image\/"},"sameAs":["https:\/\/www.facebook.com\/ville.neuilly","https:\/\/www.instagram.com\/neuilly_marne\/","https:\/\/www.linkedin.com\/company\/ville-de-neuilly-sur-marne\/","https:\/\/www.youtube.com\/channel\/UCDdZ0TLrV8rfIqjBGvoeB5A","https:\/\/www.tiktok.com\/@villedeneuillysurmarne"]}]}},"_links":{"self":[{"href":"https:\/\/www.neuillysurmarne.fr\/ar\/wp-json\/wp\/v2\/evenements\/17746","targetHints":{"allow":["GET"]}}],"collection":[{"href":"https:\/\/www.neuillysurmarne.fr\/ar\/wp-json\/wp\/v2\/evenements"}],"about":[{"href":"https:\/\/www.neuillysurmarne.fr\/ar\/wp-json\/wp\/v2\/types\/evenements"}],"wp:featuredmedia":[{"embeddable":true,"href":"https:\/\/www.neuillysurmarne.fr\/ar\/wp-json\/wp\/v2\/media\/14746"}],"wp:attachment":[{"href":"https:\/\/www.neuillysurmarne.fr\/ar\/wp-json\/wp\/v2\/media?parent=17746"}],"wp:term":[{"taxonomy":"categorie-evenement","embeddable":true,"href":"https:\/\/www.neuillysurmarne.fr\/ar\/wp-json\/wp\/v2\/categorie-evenement?post=17746"}],"curies":[{"name":"wp","href":"https:\/\/api.w.org\/{rel}","templated":true}]}}

Arkéorikiki : Le Néolithique

<h3><strong>Événement</strong></h3>
<h3><strong>ARKÉORIKIKI : LE NÉOLITHIQUE</strong></h3>
<p><strong>Dimanche 21 juin de 13h30 à 18h</strong><br />
<strong>Archéosite de la Haute-Île</strong></p>
<p>Venez expérimenter les innovations du Néolithique : des gestes et des techniques révolutionnaires que vous découvrirez au travers d’ateliers.<br />
Arkéorikiki : les tout-petits (0-3 ans) sont invités à une animation spécialement préparée pour eux.<br />
Avec les médiateur·rice·s de l&rsquo;Archéosite.</p>
<p>Tout public, inscription conseillée sur exploreparis.com</p>

<!-- This site is optimized with the Yoast SEO plugin v27.4 - https://yoast.com/product/yoast-seo-wordpress/ -->
<title>Arkéorikiki : Le Néolithique - Mairie de Neuilly-sur-Marne</title>
<meta name="robots" content="index, follow, max-snippet:-1, max-image-preview:large, max-video-preview:-1" />
<link rel="canonical" href="https://www.neuillysurmarne.fr/ar/evenements/arkeorikiki-le-neolithique/" />
<meta property="og:locale" content="ar_AR" />
<meta property="og:type" content="article" />
<meta property="og:title" content="Arkéorikiki : Le Néolithique - Mairie de Neuilly-sur-Marne" />
<meta property="og:description" content="Événement ARKÉORIKIKI : LE NÉOLITHIQUE Dimanche 21 juin de 13h30 à 18h Archéosite de la Haute-Île Venez expérimenter les innovations du Néolithique : des gestes et des techniques révolutionnaires que vous découvrirez au travers d’ateliers. Arkéorikiki : les tout-petits (0-3 ans) sont invités à une animation spécialement préparée pour eux. Avec les médiateur·rice·s de l&rsquo;Archéosite. [&hellip;]" />
<meta property="og:url" content="https://www.neuillysurmarne.fr/ar/evenements/arkeorikiki-le-neolithique/" />
<meta property="og:site_name" content="Mairie de Neuilly-sur-Marne" />
<meta property="article:publisher" content="https://www.facebook.com/ville.neuilly" />
<meta property="og:image" content="https://www.neuillysurmarne.fr/wp-content/uploads/2025/03/Image-site-A-la-Une-11.png" />
	<meta property="og:image:width" content="1200" />
	<meta property="og:image:height" content="480" />
	<meta property="og:image:type" content="image/png" />
<meta name="twitter:card" content="summary_large_image" />
<meta name="twitter:label1" content="وقت القراءة المُقدّر" />
	<meta name="twitter:data1" content="دقيقة واحدة" />
<script type="application/ld+json" class="yoast-schema-graph">{"@context":"https:\/\/schema.org","@graph":[{"@type":"WebPage","@id":"https:\/\/www.neuillysurmarne.fr\/evenements\/arkeorikiki-le-neolithique\/","url":"https:\/\/www.neuillysurmarne.fr\/evenements\/arkeorikiki-le-neolithique\/","name":"Arkéorikiki : Le Néolithique - Mairie de Neuilly-sur-Marne","isPartOf":{"@id":"https:\/\/www.neuillysurmarne.fr\/es\/#website"},"primaryImageOfPage":{"@id":"https:\/\/www.neuillysurmarne.fr\/evenements\/arkeorikiki-le-neolithique\/#primaryimage"},"image":{"@id":"https:\/\/www.neuillysurmarne.fr\/evenements\/arkeorikiki-le-neolithique\/#primaryimage"},"thumbnailUrl":"https:\/\/www.neuillysurmarne.fr\/wp-content\/uploads\/2025\/03\/Image-site-A-la-Une-11.png","datePublished":"2026-03-31T14:15:04+00:00","breadcrumb":{"@id":"https:\/\/www.neuillysurmarne.fr\/evenements\/arkeorikiki-le-neolithique\/#breadcrumb"},"inLanguage":"ar","potentialAction":[{"@type":"ReadAction","target":["https:\/\/www.neuillysurmarne.fr\/evenements\/arkeorikiki-le-neolithique\/"]}]},{"@type":"ImageObject","inLanguage":"ar","@id":"https:\/\/www.neuillysurmarne.fr\/evenements\/arkeorikiki-le-neolithique\/#primaryimage","url":"https:\/\/www.neuillysurmarne.fr\/wp-content\/uploads\/2025\/03\/Image-site-A-la-Une-11.png","contentUrl":"https:\/\/www.neuillysurmarne.fr\/wp-content\/uploads\/2025\/03\/Image-site-A-la-Une-11.png","width":1200,"height":480},{"@type":"BreadcrumbList","@id":"https:\/\/www.neuillysurmarne.fr\/evenements\/arkeorikiki-le-neolithique\/#breadcrumb","itemListElement":[{"@type":"ListItem","position":1,"name":"Accueil","item":"https:\/\/www.neuillysurmarne.fr\/"},{"@type":"ListItem","position":2,"name":"Arkéorikiki : Le Néolithique"}]},{"@type":"WebSite","@id":"https:\/\/www.neuillysurmarne.fr\/es\/#website","url":"https:\/\/www.neuillysurmarne.fr\/es\/","name":"Mairie de Neuilly-sur-Marne","description":"BETA","publisher":{"@id":"https:\/\/www.neuillysurmarne.fr\/es\/#organization"},"potentialAction":[{"@type":"SearchAction","target":{"@type":"EntryPoint","urlTemplate":"https:\/\/www.neuillysurmarne.fr\/es\/?s={search_term_string}"},"query-input":{"@type":"PropertyValueSpecification","valueRequired":true,"valueName":"search_term_string"}}],"inLanguage":"ar"},{"@type":"Organization","@id":"https:\/\/www.neuillysurmarne.fr\/es\/#organization","name":"Mairie de Neuilly-sur-Marne","url":"https:\/\/www.neuillysurmarne.fr\/es\/","logo":{"@type":"ImageObject","inLanguage":"ar","@id":"https:\/\/www.neuillysurmarne.fr\/es\/#\/schema\/logo\/image\/","url":"https:\/\/www.neuillysurmarne.fr\/wp-content\/uploads\/2023\/10\/LOGO-NeuillysurMarne-blanc.png","contentUrl":"https:\/\/www.neuillysurmarne.fr\/wp-content\/uploads\/2023\/10\/LOGO-NeuillysurMarne-blanc.png","width":3308,"height":2586,"caption":"Mairie de Neuilly-sur-Marne"},"image":{"@id":"https:\/\/www.neuillysurmarne.fr\/es\/#\/schema\/logo\/image\/"},"sameAs":["https:\/\/www.facebook.com\/ville.neuilly","https:\/\/www.instagram.com\/neuilly_marne\/","https:\/\/www.linkedin.com\/company\/ville-de-neuilly-sur-marne\/","https:\/\/www.youtube.com\/channel\/UCDdZ0TLrV8rfIqjBGvoeB5A","https:\/\/www.tiktok.com\/@villedeneuillysurmarne"]}]}</script>
<!-- / Yoast SEO plugin. -->

Arkéorikiki : Le Néolithique - Mairie de Neuilly-sur-Marne

Événement ARKÉORIKIKI : LE NÉOLITHIQUE Dimanche 21 juin de 13h30 à 18h Archéosite de la Haute-Île Venez expérimenter les innovations du Néolithique : des gestes et des techniques révolutionnaires que vous découvrirez au travers d’ateliers. Arkéorikiki : les tout-petits (0-3 ans) sont invités à une animation spécialement préparée pour eux. Avec les médiateur·rice·s de l&rsquo;Archéosite. [&hellip;]

دقيقة واحدة

دار بلدية نويي-سور-مارن

بيتا
