{"version":"1.0","provider_name":"Neuilly-sur-Marne Town Hall","provider_url":"https:\/\/www.neuillysurmarne.fr\/en","title":"Pr\u00e9vention canicule - Formulaire - Mairie de Neuilly-sur-Marne","type":"rich","width":600,"height":338,"html":"<blockquote class=\"wp-embedded-content\" data-secret=\"i7UedDo1ih\"><a href=\"https:\/\/www.neuillysurmarne.fr\/en\/prevention-canicule-formulaire\/\">Heatwave prevention - Form<\/a><\/blockquote><iframe sandbox=\"allow-scripts\" security=\"restricted\" src=\"https:\/\/www.neuillysurmarne.fr\/en\/prevention-canicule-formulaire\/embed\/#?secret=i7UedDo1ih\" width=\"600\" height=\"338\" title=\"&#8220;Pr\u00e9vention canicule &#8211; Formulaire&#8221; &#8212; Mairie de Neuilly-sur-Marne\" data-secret=\"i7UedDo1ih\" frameborder=\"0\" marginwidth=\"0\" marginheight=\"0\" scrolling=\"no\" class=\"wp-embedded-content\"><\/iframe><script>\n\/*! This file is auto-generated *\/\n!function(d,l){\"use strict\";l.querySelector&&d.addEventListener&&\"undefined\"!=typeof URL&&(d.wp=d.wp||{},d.wp.receiveEmbedMessage||(d.wp.receiveEmbedMessage=function(e){var t=e.data;if((t||t.secret||t.message||t.value)&&!\/[^a-zA-Z0-9]\/.test(t.secret)){for(var s,r,n,a=l.querySelectorAll('iframe[data-secret=\"'+t.secret+'\"]'),o=l.querySelectorAll('blockquote[data-secret=\"'+t.secret+'\"]'),c=new RegExp(\"^https?:$\",\"i\"),i=0;i<o.length;i++)o[i].style.display=\"none\";for(i=0;i<a.length;i++)s=a[i],e.source===s.contentWindow&&(s.removeAttribute(\"style\"),\"height\"===t.message?(1e3<(r=parseInt(t.value,10))?r=1e3:~~r<200&&(r=200),s.height=r):\"link\"===t.message&&(r=new URL(s.getAttribute(\"src\")),n=new URL(t.value),c.test(n.protocol))&&n.host===r.host&&l.activeElement===s&&(d.top.location.href=t.value))}},d.addEventListener(\"message\",d.wp.receiveEmbedMessage,!1),l.addEventListener(\"DOMContentLoaded\",function(){for(var e,t,s=l.querySelectorAll(\"iframe.wp-embedded-content\"),r=0;r<s.length;r++)(t=(e=s[r]).getAttribute(\"data-secret\"))||(t=Math.random().toString(36).substring(2,12),e.src+=\"#?secret=\"+t,e.setAttribute(\"data-secret\",t)),e.contentWindow.postMessage({message:\"ready\",secret:t},\"*\")},!1)))}(window,document);\n\/\/# sourceURL=https:\/\/www.neuillysurmarne.fr\/wp-includes\/js\/wp-embed.min.js\n<\/script>","thumbnail_url":"https:\/\/www.neuillysurmarne.fr\/wp-content\/uploads\/2024\/06\/AdobeStock_709302155-scaled.jpeg","thumbnail_width":2560,"thumbnail_height":1118,"description":"Cet \u00e9t\u00e9 encore, des \u00e9pisodes de canicule sont \u00e0 pr\u00e9voir.\u00a0Pensez \u00e0 vous inscrire sur le registre des personnes isol\u00e9es et\/ou vuln\u00e9rables, susceptibles d\u2019\u00eatre affect\u00e9es par les effets d\u2019une forte chaleur. Cette inscription, volontaire, permettra aux services sanitaires et sociaux de\u00a0vous informer rapidement\u00a0en cas de d\u00e9clanchement du plan d\u2019alerte canicule par le Pr\u00e9fet. Un num\u00e9ro vert [&hellip;]"}

Prévention canicule - Formulaire - Mairie de Neuilly-sur-Marne

<blockquote class="wp-embedded-content" data-secret="i7UedDo1ih"><a href="https://www.neuillysurmarne.fr/en/prevention-canicule-formulaire/">Heatwave prevention - Form</a></blockquote><iframe sandbox="allow-scripts" security="restricted" src="https://www.neuillysurmarne.fr/en/prevention-canicule-formulaire/embed/#?secret=i7UedDo1ih" width="600" height="338" title="&#8220;Prévention canicule &#8211; Formulaire&#8221; &#8212; Mairie de Neuilly-sur-Marne" data-secret="i7UedDo1ih" frameborder="0" marginwidth="0" marginheight="0" scrolling="no" class="wp-embedded-content"></iframe><script>
/*! This file is auto-generated */
!function(d,l){"use strict";l.querySelector&&d.addEventListener&&"undefined"!=typeof URL&&(d.wp=d.wp||{},d.wp.receiveEmbedMessage||(d.wp.receiveEmbedMessage=function(e){var t=e.data;if((t||t.secret||t.message||t.value)&&!/[^a-zA-Z0-9]/.test(t.secret)){for(var s,r,n,a=l.querySelectorAll('iframe[data-secret="'+t.secret+'"]'),o=l.querySelectorAll('blockquote[data-secret="'+t.secret+'"]'),c=new RegExp("^https?:$","i"),i=0;i<o.length;i++)o[i].style.display="none";for(i=0;i<a.length;i++)s=a[i],e.source===s.contentWindow&&(s.removeAttribute("style"),"height"===t.message?(1e3<(r=parseInt(t.value,10))?r=1e3:~~r<200&&(r=200),s.height=r):"link"===t.message&&(r=new URL(s.getAttribute("src")),n=new URL(t.value),c.test(n.protocol))&&n.host===r.host&&l.activeElement===s&&(d.top.location.href=t.value))}},d.addEventListener("message",d.wp.receiveEmbedMessage,!1),l.addEventListener("DOMContentLoaded",function(){for(var e,t,s=l.querySelectorAll("iframe.wp-embedded-content"),r=0;r<s.length;r++)(t=(e=s[r]).getAttribute("data-secret"))||(t=Math.random().toString(36).substring(2,12),e.src+="#?secret="+t,e.setAttribute("data-secret",t)),e.contentWindow.postMessage({message:"ready",secret:t},"*")},!1)))}(window,document);
//# sourceURL=https://www.neuillysurmarne.fr/wp-includes/js/wp-embed.min.js
</script>

Cet été encore, des épisodes de canicule sont à prévoir. Pensez à vous inscrire sur le registre des personnes isolées et/ou vulnérables, susceptibles d’être affectées par les effets d’une forte chaleur. Cette inscription, volontaire, permettra aux services sanitaires et sociaux de vous informer rapidement en cas de déclanchement du plan d’alerte canicule par le Préfet. Un numéro vert [&hellip;]
