{"version":"1.0","provider_name":"Ayuntamiento de Neuilly-sur-Marne","provider_url":"https:\/\/www.neuillysurmarne.fr\/es","title":"Programme de la saison culturelle - Mairie de Neuilly-sur-Marne","type":"rich","width":600,"height":338,"html":"<blockquote class=\"wp-embedded-content\" data-secret=\"47HyjOphds\"><a href=\"https:\/\/www.neuillysurmarne.fr\/es\/programme-de-la-saison-culturelle\/\">Programa de la temporada cultural<\/a><\/blockquote><iframe sandbox=\"allow-scripts\" security=\"restricted\" src=\"https:\/\/www.neuillysurmarne.fr\/es\/programme-de-la-saison-culturelle\/embed\/#?secret=47HyjOphds\" width=\"600\" height=\"338\" title=\"\u00abProgramme de la saison culturelle\u00bb \u2014 Mairie de Neuilly-sur-Marne\" data-secret=\"47HyjOphds\" frameborder=\"0\" marginwidth=\"0\" marginheight=\"0\" scrolling=\"no\" class=\"wp-embedded-content\"><\/iframe><script>\n\/*! This file is auto-generated *\/\n!function(d,l){\"use strict\";l.querySelector&&d.addEventListener&&\"undefined\"!=typeof URL&&(d.wp=d.wp||{},d.wp.receiveEmbedMessage||(d.wp.receiveEmbedMessage=function(e){var t=e.data;if((t||t.secret||t.message||t.value)&&!\/[^a-zA-Z0-9]\/.test(t.secret)){for(var s,r,n,a=l.querySelectorAll('iframe[data-secret=\"'+t.secret+'\"]'),o=l.querySelectorAll('blockquote[data-secret=\"'+t.secret+'\"]'),c=new RegExp(\"^https?:$\",\"i\"),i=0;i<o.length;i++)o[i].style.display=\"none\";for(i=0;i<a.length;i++)s=a[i],e.source===s.contentWindow&&(s.removeAttribute(\"style\"),\"height\"===t.message?(1e3<(r=parseInt(t.value,10))?r=1e3:~~r<200&&(r=200),s.height=r):\"link\"===t.message&&(r=new URL(s.getAttribute(\"src\")),n=new URL(t.value),c.test(n.protocol))&&n.host===r.host&&l.activeElement===s&&(d.top.location.href=t.value))}},d.addEventListener(\"message\",d.wp.receiveEmbedMessage,!1),l.addEventListener(\"DOMContentLoaded\",function(){for(var e,t,s=l.querySelectorAll(\"iframe.wp-embedded-content\"),r=0;r<s.length;r++)(t=(e=s[r]).getAttribute(\"data-secret\"))||(t=Math.random().toString(36).substring(2,12),e.src+=\"#?secret=\"+t,e.setAttribute(\"data-secret\",t)),e.contentWindow.postMessage({message:\"ready\",secret:t},\"*\")},!1)))}(window,document);\n\/\/# sourceURL=https:\/\/www.neuillysurmarne.fr\/wp-includes\/js\/wp-embed.min.js\n<\/script>","thumbnail_url":"https:\/\/www.neuillysurmarne.fr\/wp-content\/uploads\/2023\/11\/Bandeaux-site-Neuilly-sur-Marne-3-1.jpg","thumbnail_width":1400,"thumbnail_height":700,"description":"Saison 2025-2026 La nouvelle saison culturelle s\u2019annonce plus \u00e9clectique que jamais ! De son lancement le samedi 20 septembre 2025 \u00e0 sa cl\u00f4ture le vendredi 29 mai 2026, des spectacles vari\u00e9s sauront attirer tous les publics au complexe Marcel Pagnol. Retrouvez le programme de la\u00a0saison culturelle 2025-2026 ici. https:\/\/youtu.be\/5lTDWz-UX0M?si=i7w_q5mGXb5fSY2m Billetterie La r\u00e9servation des places de [&hellip;]"}

Saison 2025-2026 La nouvelle saison culturelle s’annonce plus éclectique que jamais ! De son lancement le samedi 20 septembre 2025 à sa clôture le vendredi 29 mai 2026, des spectacles variés sauront attirer tous les publics au complexe Marcel Pagnol. Retrouvez le programme de la saison culturelle 2025-2026 ici. https://youtu.be/5lTDWz-UX0M?si=i7w_q5mGXb5fSY2m Billetterie La réservation des places de [&hellip;]
