{"id":1053,"date":"2023-11-17T16:51:24","date_gmt":"2023-11-17T15:51:24","guid":{"rendered":"https:\/\/www.neuillysurmarne.fr\/?page_id=1053"},"modified":"2024-03-01T15:33:10","modified_gmt":"2024-03-01T14:33:10","slug":"ecole-elementaire-marcel-cachin","status":"publish","type":"page","link":"https:\/\/www.neuillysurmarne.fr\/es\/ecole-elementaire-marcel-cachin\/","title":{"rendered":"Escuelas primarias Marcel Cachin"},"content":{"rendered":"<div class=\"content-header-wrap no-thumbnail\">\n<div class=\"informations\">\n<div class=\"postalAddress\">\n<div>\n<h2>Presentaci\u00f3n<\/h2>\n<\/div>\n<div class=\"destinataire\">Escuelas primarias Marcel Cachin,<\/div>\n<div class=\"streetAddress\">160 rue P et C Thomoux,<\/div>\n<p><a class=\"postal-address-link\" title=\"Abrir la direcci\u00f3n en Google Maps\" href=\"https:\/\/maps.google.fr\/?q=%C3%89cole+%C3%A9l%C3%A9mentaire+Marcel+Cachin%2C+160+rue+P+et+C+Thomoux%2C+93330+Neuilly-sur-Marne\" target=\"_blank\" rel=\"noopener\"><span class=\"postalCode\">93330<\/span>\u00a0<span class=\"addressLocality\">Neuilly-sur-Marne<\/span><\/a><\/p>\n<\/div>\n<p><span class=\"telephone\">01 43 08 23 42<\/span><br \/>\n<a class=\"email\" href=\"mailto:ce.0931293a@ac-creteil.fr\">ce.0931293a@ac-creteil.fr<\/a><\/p>\n<div class=\"person\"><span class=\"honorificPrefix\">M.<\/span>\u00a0<span class=\"familyName\">CARTAILLER<\/span><\/div>\n<\/div>\n<\/div>\n<p><strong>Recepci\u00f3n matinal :<br \/>\nCentro de recepci\u00f3n le Petit Bois 1<\/strong><br \/>\nLa apertura de guarder\u00edas matinales en las escuelas primarias est\u00e1 sujeta a un compromiso m\u00ednimo de asistencia de 12 ni\u00f1os.<br \/>\nUn equipo de personal municipal recibe a los ni\u00f1os a partir de las 7.00 h y los acompa\u00f1a a la escuela a las 8.30 h.<\/p>\n<p><strong>Comidas escolares :<\/strong><br \/>\nLas comidas escolares se sirven de 11.30 a 13.30 horas. Los ni\u00f1os son atendidos por un equipo de personal local.<br \/>\nUna carta de catering escolar detalla el funcionamiento de la actividad y las normas que deben respetarse.<\/p>\n<p><strong>Estudio:<\/strong><br \/>\nEl periodo de estudio va de 16.30 a 18.00 horas. Se organiza un tiempo de descanso y merienda (las familias deben proporcionar la merienda) hasta las 17.00 horas. De 17.00 a 18.00, un periodo de estudio supervisado permite a los ni\u00f1os trabajar en sus lecciones.<\/p>\n<h2>Capacidad<\/h2>\n<p>N\u00famero de alumnos: 315<br \/>\nN\u00famero de clases: 13<br \/>\nN\u00famero medio de alumnos por clase: 24<\/p>","protected":false},"excerpt":{"rendered":"<p>Pr\u00e9sentation \u00c9cole \u00e9l\u00e9mentaire Marcel Cachin, 160 rue P et C Thomoux, 93330\u00a0Neuilly-sur-Marne 01 43 08 23 42 ce.0931293a@ac-creteil.fr M.\u00a0CARTAILLER Accueil du matin : Lieu de l\u2019accueil Centre le Petit Bois 1 L\u2019ouverture de l\u2019accueil du matin en \u00e9l\u00e9mentaire est conditionn\u00e9 \u00e0 un engagement de fr\u00e9quentation d\u2019au moins 12 enfants. Une \u00e9quipe d\u2019animation municipale accueille les [&hellip;]<\/p>\n","protected":false},"author":1,"featured_media":0,"parent":0,"menu_order":0,"comment_status":"closed","ping_status":"closed","template":"","meta":{"_acf_changed":false,"footnotes":""},"class_list":["post-1053","page","type-page","status-publish","hentry"],"acf":[],"yoast_head":"<!-- This site is optimized with the Yoast SEO plugin v27.5 - https:\/\/yoast.com\/product\/yoast-seo-wordpress\/ -->\n<title>\u00c9cole \u00e9l\u00e9mentaire Marcel Cachin - Mairie de Neuilly-sur-Marne<\/title>\n<meta name=\"robots\" content=\"index, follow, max-snippet:-1, max-image-preview:large, max-video-preview:-1\" \/>\n<link rel=\"canonical\" href=\"https:\/\/www.neuillysurmarne.fr\/es\/ecole-elementaire-marcel-cachin\/\" \/>\n<meta property=\"og:locale\" content=\"es_ES\" \/>\n<meta property=\"og:type\" content=\"article\" \/>\n<meta property=\"og:title\" content=\"\u00c9cole \u00e9l\u00e9mentaire Marcel Cachin - Mairie de Neuilly-sur-Marne\" \/>\n<meta property=\"og:description\" content=\"Pr\u00e9sentation \u00c9cole \u00e9l\u00e9mentaire Marcel Cachin, 160 rue P et C Thomoux, 93330\u00a0Neuilly-sur-Marne 01 43 08 23 42 ce.0931293a@ac-creteil.fr M.\u00a0CARTAILLER Accueil du matin : Lieu de l\u2019accueil Centre le Petit Bois 1 L\u2019ouverture de l\u2019accueil du matin en \u00e9l\u00e9mentaire est conditionn\u00e9 \u00e0 un engagement de fr\u00e9quentation d\u2019au moins 12 enfants. Une \u00e9quipe d\u2019animation municipale accueille les [&hellip;]\" \/>\n<meta property=\"og:url\" content=\"https:\/\/www.neuillysurmarne.fr\/es\/ecole-elementaire-marcel-cachin\/\" \/>\n<meta property=\"og:site_name\" content=\"Mairie de Neuilly-sur-Marne\" \/>\n<meta property=\"article:publisher\" content=\"https:\/\/www.facebook.com\/ville.neuilly\" \/>\n<meta property=\"article:modified_time\" content=\"2024-03-01T14:33:10+00:00\" \/>\n<meta name=\"twitter:card\" content=\"summary_large_image\" \/>\n<meta name=\"twitter:label1\" content=\"Tiempo de lectura\" \/>\n\t<meta name=\"twitter:data1\" content=\"1 minuto\" \/>\n<script type=\"application\/ld+json\" class=\"yoast-schema-graph\">{\"@context\":\"https:\\\/\\\/schema.org\",\"@graph\":[{\"@type\":\"WebPage\",\"@id\":\"https:\\\/\\\/www.neuillysurmarne.fr\\\/ecole-elementaire-marcel-cachin\\\/\",\"url\":\"https:\\\/\\\/www.neuillysurmarne.fr\\\/ecole-elementaire-marcel-cachin\\\/\",\"name\":\"\u00c9cole \u00e9l\u00e9mentaire Marcel Cachin - Mairie de Neuilly-sur-Marne\",\"isPartOf\":{\"@id\":\"https:\\\/\\\/www.neuillysurmarne.fr\\\/es\\\/#website\"},\"datePublished\":\"2023-11-17T15:51:24+00:00\",\"dateModified\":\"2024-03-01T14:33:10+00:00\",\"breadcrumb\":{\"@id\":\"https:\\\/\\\/www.neuillysurmarne.fr\\\/ecole-elementaire-marcel-cachin\\\/#breadcrumb\"},\"inLanguage\":\"es\",\"potentialAction\":[{\"@type\":\"ReadAction\",\"target\":[\"https:\\\/\\\/www.neuillysurmarne.fr\\\/ecole-elementaire-marcel-cachin\\\/\"]}]},{\"@type\":\"BreadcrumbList\",\"@id\":\"https:\\\/\\\/www.neuillysurmarne.fr\\\/ecole-elementaire-marcel-cachin\\\/#breadcrumb\",\"itemListElement\":[{\"@type\":\"ListItem\",\"position\":1,\"name\":\"Accueil\",\"item\":\"https:\\\/\\\/www.neuillysurmarne.fr\\\/\"},{\"@type\":\"ListItem\",\"position\":2,\"name\":\"\u00c9cole \u00e9l\u00e9mentaire Marcel Cachin\"}]},{\"@type\":\"WebSite\",\"@id\":\"https:\\\/\\\/www.neuillysurmarne.fr\\\/es\\\/#website\",\"url\":\"https:\\\/\\\/www.neuillysurmarne.fr\\\/es\\\/\",\"name\":\"Mairie de Neuilly-sur-Marne\",\"description\":\"BETA\",\"publisher\":{\"@id\":\"https:\\\/\\\/www.neuillysurmarne.fr\\\/es\\\/#organization\"},\"potentialAction\":[{\"@type\":\"SearchAction\",\"target\":{\"@type\":\"EntryPoint\",\"urlTemplate\":\"https:\\\/\\\/www.neuillysurmarne.fr\\\/es\\\/?s={search_term_string}\"},\"query-input\":{\"@type\":\"PropertyValueSpecification\",\"valueRequired\":true,\"valueName\":\"search_term_string\"}}],\"inLanguage\":\"es\"},{\"@type\":\"Organization\",\"@id\":\"https:\\\/\\\/www.neuillysurmarne.fr\\\/es\\\/#organization\",\"name\":\"Mairie de Neuilly-sur-Marne\",\"url\":\"https:\\\/\\\/www.neuillysurmarne.fr\\\/es\\\/\",\"logo\":{\"@type\":\"ImageObject\",\"inLanguage\":\"es\",\"@id\":\"https:\\\/\\\/www.neuillysurmarne.fr\\\/es\\\/#\\\/schema\\\/logo\\\/image\\\/\",\"url\":\"https:\\\/\\\/www.neuillysurmarne.fr\\\/wp-content\\\/uploads\\\/2023\\\/10\\\/LOGO-NeuillysurMarne-blanc.png\",\"contentUrl\":\"https:\\\/\\\/www.neuillysurmarne.fr\\\/wp-content\\\/uploads\\\/2023\\\/10\\\/LOGO-NeuillysurMarne-blanc.png\",\"width\":3308,\"height\":2586,\"caption\":\"Mairie de Neuilly-sur-Marne\"},\"image\":{\"@id\":\"https:\\\/\\\/www.neuillysurmarne.fr\\\/es\\\/#\\\/schema\\\/logo\\\/image\\\/\"},\"sameAs\":[\"https:\\\/\\\/www.facebook.com\\\/ville.neuilly\",\"https:\\\/\\\/www.instagram.com\\\/neuilly_marne\\\/\",\"https:\\\/\\\/www.linkedin.com\\\/company\\\/ville-de-neuilly-sur-marne\\\/\",\"https:\\\/\\\/www.youtube.com\\\/channel\\\/UCDdZ0TLrV8rfIqjBGvoeB5A\",\"https:\\\/\\\/www.tiktok.com\\\/@villedeneuillysurmarne\"]}]}<\/script>\n<!-- \/ Yoast SEO plugin. -->","yoast_head_json":{"title":"\u00c9cole \u00e9l\u00e9mentaire Marcel Cachin - Mairie de Neuilly-sur-Marne","robots":{"index":"index","follow":"follow","max-snippet":"max-snippet:-1","max-image-preview":"max-image-preview:large","max-video-preview":"max-video-preview:-1"},"canonical":"https:\/\/www.neuillysurmarne.fr\/es\/ecole-elementaire-marcel-cachin\/","og_locale":"es_ES","og_type":"article","og_title":"\u00c9cole \u00e9l\u00e9mentaire Marcel Cachin - Mairie de Neuilly-sur-Marne","og_description":"Pr\u00e9sentation \u00c9cole \u00e9l\u00e9mentaire Marcel Cachin, 160 rue P et C Thomoux, 93330\u00a0Neuilly-sur-Marne 01 43 08 23 42 ce.0931293a@ac-creteil.fr M.\u00a0CARTAILLER Accueil du matin : Lieu de l\u2019accueil Centre le Petit Bois 1 L\u2019ouverture de l\u2019accueil du matin en \u00e9l\u00e9mentaire est conditionn\u00e9 \u00e0 un engagement de fr\u00e9quentation d\u2019au moins 12 enfants. Une \u00e9quipe d\u2019animation municipale accueille les [&hellip;]","og_url":"https:\/\/www.neuillysurmarne.fr\/es\/ecole-elementaire-marcel-cachin\/","og_site_name":"Mairie de Neuilly-sur-Marne","article_publisher":"https:\/\/www.facebook.com\/ville.neuilly","article_modified_time":"2024-03-01T14:33:10+00:00","twitter_card":"summary_large_image","twitter_misc":{"Tiempo de lectura":"1 minuto"},"schema":{"@context":"https:\/\/schema.org","@graph":[{"@type":"WebPage","@id":"https:\/\/www.neuillysurmarne.fr\/ecole-elementaire-marcel-cachin\/","url":"https:\/\/www.neuillysurmarne.fr\/ecole-elementaire-marcel-cachin\/","name":"\u00c9cole \u00e9l\u00e9mentaire Marcel Cachin - Mairie de Neuilly-sur-Marne","isPartOf":{"@id":"https:\/\/www.neuillysurmarne.fr\/es\/#website"},"datePublished":"2023-11-17T15:51:24+00:00","dateModified":"2024-03-01T14:33:10+00:00","breadcrumb":{"@id":"https:\/\/www.neuillysurmarne.fr\/ecole-elementaire-marcel-cachin\/#breadcrumb"},"inLanguage":"es","potentialAction":[{"@type":"ReadAction","target":["https:\/\/www.neuillysurmarne.fr\/ecole-elementaire-marcel-cachin\/"]}]},{"@type":"BreadcrumbList","@id":"https:\/\/www.neuillysurmarne.fr\/ecole-elementaire-marcel-cachin\/#breadcrumb","itemListElement":[{"@type":"ListItem","position":1,"name":"Accueil","item":"https:\/\/www.neuillysurmarne.fr\/"},{"@type":"ListItem","position":2,"name":"\u00c9cole \u00e9l\u00e9mentaire Marcel Cachin"}]},{"@type":"WebSite","@id":"https:\/\/www.neuillysurmarne.fr\/es\/#website","url":"https:\/\/www.neuillysurmarne.fr\/es\/","name":"Ayuntamiento de Neuilly-sur-Marne","description":"BETA","publisher":{"@id":"https:\/\/www.neuillysurmarne.fr\/es\/#organization"},"potentialAction":[{"@type":"SearchAction","target":{"@type":"EntryPoint","urlTemplate":"https:\/\/www.neuillysurmarne.fr\/es\/?s={search_term_string}"},"query-input":{"@type":"PropertyValueSpecification","valueRequired":true,"valueName":"search_term_string"}}],"inLanguage":"es"},{"@type":"Organization","@id":"https:\/\/www.neuillysurmarne.fr\/es\/#organization","name":"Ayuntamiento de Neuilly-sur-Marne","url":"https:\/\/www.neuillysurmarne.fr\/es\/","logo":{"@type":"ImageObject","inLanguage":"es","@id":"https:\/\/www.neuillysurmarne.fr\/es\/#\/schema\/logo\/image\/","url":"https:\/\/www.neuillysurmarne.fr\/wp-content\/uploads\/2023\/10\/LOGO-NeuillysurMarne-blanc.png","contentUrl":"https:\/\/www.neuillysurmarne.fr\/wp-content\/uploads\/2023\/10\/LOGO-NeuillysurMarne-blanc.png","width":3308,"height":2586,"caption":"Mairie de Neuilly-sur-Marne"},"image":{"@id":"https:\/\/www.neuillysurmarne.fr\/es\/#\/schema\/logo\/image\/"},"sameAs":["https:\/\/www.facebook.com\/ville.neuilly","https:\/\/www.instagram.com\/neuilly_marne\/","https:\/\/www.linkedin.com\/company\/ville-de-neuilly-sur-marne\/","https:\/\/www.youtube.com\/channel\/UCDdZ0TLrV8rfIqjBGvoeB5A","https:\/\/www.tiktok.com\/@villedeneuillysurmarne"]}]}},"_links":{"self":[{"href":"https:\/\/www.neuillysurmarne.fr\/es\/wp-json\/wp\/v2\/pages\/1053","targetHints":{"allow":["GET"]}}],"collection":[{"href":"https:\/\/www.neuillysurmarne.fr\/es\/wp-json\/wp\/v2\/pages"}],"about":[{"href":"https:\/\/www.neuillysurmarne.fr\/es\/wp-json\/wp\/v2\/types\/page"}],"author":[{"embeddable":true,"href":"https:\/\/www.neuillysurmarne.fr\/es\/wp-json\/wp\/v2\/users\/1"}],"replies":[{"embeddable":true,"href":"https:\/\/www.neuillysurmarne.fr\/es\/wp-json\/wp\/v2\/comments?post=1053"}],"version-history":[{"count":3,"href":"https:\/\/www.neuillysurmarne.fr\/es\/wp-json\/wp\/v2\/pages\/1053\/revisions"}],"predecessor-version":[{"id":5234,"href":"https:\/\/www.neuillysurmarne.fr\/es\/wp-json\/wp\/v2\/pages\/1053\/revisions\/5234"}],"wp:attachment":[{"href":"https:\/\/www.neuillysurmarne.fr\/es\/wp-json\/wp\/v2\/media?parent=1053"}],"curies":[{"name":"wp","href":"https:\/\/api.w.org\/{rel}","templated":true}]}}

<div class="content-header-wrap no-thumbnail">
<div class="informations">
<div class="postalAddress">
<div>
<h2>Presentación</h2>
</div>
<div class="destinataire">Escuelas primarias Marcel Cachin,</div>
<div class="streetAddress">160 rue P et C Thomoux,</div>
<p><a class="postal-address-link" title="Abrir la dirección en Google Maps" href="https://maps.google.fr/?q=%C3%89cole+%C3%A9l%C3%A9mentaire+Marcel+Cachin%2C+160+rue+P+et+C+Thomoux%2C+93330+Neuilly-sur-Marne" target="_blank" rel="noopener"><span class="postalCode">93330</span> <span class="addressLocality">Neuilly-sur-Marne</span></a></p>
</div>
<p><span class="telephone">01 43 08 23 42</span><br />
<a class="email" href="mailto:ce.0931293a@ac-creteil.fr">ce.0931293a@ac-creteil.fr</a></p>
<div class="person"><span class="honorificPrefix">M.</span> <span class="familyName">CARTAILLER</span></div>
</div>
</div>
<p><strong>Recepción matinal :<br />
Centro de recepción le Petit Bois 1</strong><br />
La apertura de guarderías matinales en las escuelas primarias está sujeta a un compromiso mínimo de asistencia de 12 niños.<br />
Un equipo de personal municipal recibe a los niños a partir de las 7.00 h y los acompaña a la escuela a las 8.30 h.</p>
<p><strong>Comidas escolares :</strong><br />
Las comidas escolares se sirven de 11.30 a 13.30 horas. Los niños son atendidos por un equipo de personal local.<br />
Una carta de catering escolar detalla el funcionamiento de la actividad y las normas que deben respetarse.</p>
<p><strong>Estudio:</strong><br />
El periodo de estudio va de 16.30 a 18.00 horas. Se organiza un tiempo de descanso y merienda (las familias deben proporcionar la merienda) hasta las 17.00 horas. De 17.00 a 18.00, un periodo de estudio supervisado permite a los niños trabajar en sus lecciones.</p>
<h2>Capacidad</h2>
<p>Número de alumnos: 315<br />
Número de clases: 13<br />
Número medio de alumnos por clase: 24</p>

<p>Présentation École élémentaire Marcel Cachin, 160 rue P et C Thomoux, 93330 Neuilly-sur-Marne 01 43 08 23 42 ce.0931293a@ac-creteil.fr M. CARTAILLER Accueil du matin : Lieu de l’accueil Centre le Petit Bois 1 L’ouverture de l’accueil du matin en élémentaire est conditionné à un engagement de fréquentation d’au moins 12 enfants. Une équipe d’animation municipale accueille les [&hellip;]</p>

<!-- This site is optimized with the Yoast SEO plugin v27.5 - https://yoast.com/product/yoast-seo-wordpress/ -->
<title>École élémentaire Marcel Cachin - Mairie de Neuilly-sur-Marne</title>
<meta name="robots" content="index, follow, max-snippet:-1, max-image-preview:large, max-video-preview:-1" />
<link rel="canonical" href="https://www.neuillysurmarne.fr/es/ecole-elementaire-marcel-cachin/" />
<meta property="og:locale" content="es_ES" />
<meta property="og:type" content="article" />
<meta property="og:title" content="École élémentaire Marcel Cachin - Mairie de Neuilly-sur-Marne" />
<meta property="og:description" content="Présentation École élémentaire Marcel Cachin, 160 rue P et C Thomoux, 93330 Neuilly-sur-Marne 01 43 08 23 42 ce.0931293a@ac-creteil.fr M. CARTAILLER Accueil du matin : Lieu de l’accueil Centre le Petit Bois 1 L’ouverture de l’accueil du matin en élémentaire est conditionné à un engagement de fréquentation d’au moins 12 enfants. Une équipe d’animation municipale accueille les [&hellip;]" />
<meta property="og:url" content="https://www.neuillysurmarne.fr/es/ecole-elementaire-marcel-cachin/" />
<meta property="og:site_name" content="Mairie de Neuilly-sur-Marne" />
<meta property="article:publisher" content="https://www.facebook.com/ville.neuilly" />
<meta property="article:modified_time" content="2024-03-01T14:33:10+00:00" />
<meta name="twitter:card" content="summary_large_image" />
<meta name="twitter:label1" content="Tiempo de lectura" />
	<meta name="twitter:data1" content="1 minuto" />
<script type="application/ld+json" class="yoast-schema-graph">{"@context":"https:\/\/schema.org","@graph":[{"@type":"WebPage","@id":"https:\/\/www.neuillysurmarne.fr\/ecole-elementaire-marcel-cachin\/","url":"https:\/\/www.neuillysurmarne.fr\/ecole-elementaire-marcel-cachin\/","name":"École élémentaire Marcel Cachin - Mairie de Neuilly-sur-Marne","isPartOf":{"@id":"https:\/\/www.neuillysurmarne.fr\/es\/#website"},"datePublished":"2023-11-17T15:51:24+00:00","dateModified":"2024-03-01T14:33:10+00:00","breadcrumb":{"@id":"https:\/\/www.neuillysurmarne.fr\/ecole-elementaire-marcel-cachin\/#breadcrumb"},"inLanguage":"es","potentialAction":[{"@type":"ReadAction","target":["https:\/\/www.neuillysurmarne.fr\/ecole-elementaire-marcel-cachin\/"]}]},{"@type":"BreadcrumbList","@id":"https:\/\/www.neuillysurmarne.fr\/ecole-elementaire-marcel-cachin\/#breadcrumb","itemListElement":[{"@type":"ListItem","position":1,"name":"Accueil","item":"https:\/\/www.neuillysurmarne.fr\/"},{"@type":"ListItem","position":2,"name":"École élémentaire Marcel Cachin"}]},{"@type":"WebSite","@id":"https:\/\/www.neuillysurmarne.fr\/es\/#website","url":"https:\/\/www.neuillysurmarne.fr\/es\/","name":"Mairie de Neuilly-sur-Marne","description":"BETA","publisher":{"@id":"https:\/\/www.neuillysurmarne.fr\/es\/#organization"},"potentialAction":[{"@type":"SearchAction","target":{"@type":"EntryPoint","urlTemplate":"https:\/\/www.neuillysurmarne.fr\/es\/?s={search_term_string}"},"query-input":{"@type":"PropertyValueSpecification","valueRequired":true,"valueName":"search_term_string"}}],"inLanguage":"es"},{"@type":"Organization","@id":"https:\/\/www.neuillysurmarne.fr\/es\/#organization","name":"Mairie de Neuilly-sur-Marne","url":"https:\/\/www.neuillysurmarne.fr\/es\/","logo":{"@type":"ImageObject","inLanguage":"es","@id":"https:\/\/www.neuillysurmarne.fr\/es\/#\/schema\/logo\/image\/","url":"https:\/\/www.neuillysurmarne.fr\/wp-content\/uploads\/2023\/10\/LOGO-NeuillysurMarne-blanc.png","contentUrl":"https:\/\/www.neuillysurmarne.fr\/wp-content\/uploads\/2023\/10\/LOGO-NeuillysurMarne-blanc.png","width":3308,"height":2586,"caption":"Mairie de Neuilly-sur-Marne"},"image":{"@id":"https:\/\/www.neuillysurmarne.fr\/es\/#\/schema\/logo\/image\/"},"sameAs":["https:\/\/www.facebook.com\/ville.neuilly","https:\/\/www.instagram.com\/neuilly_marne\/","https:\/\/www.linkedin.com\/company\/ville-de-neuilly-sur-marne\/","https:\/\/www.youtube.com\/channel\/UCDdZ0TLrV8rfIqjBGvoeB5A","https:\/\/www.tiktok.com\/@villedeneuillysurmarne"]}]}</script>
<!-- / Yoast SEO plugin. -->

École élémentaire Marcel Cachin - Mairie de Neuilly-sur-Marne

Présentation École élémentaire Marcel Cachin, 160 rue P et C Thomoux, 93330 Neuilly-sur-Marne 01 43 08 23 42 ce.0931293a@ac-creteil.fr M. CARTAILLER Accueil du matin : Lieu de l’accueil Centre le Petit Bois 1 L’ouverture de l’accueil du matin en élémentaire est conditionné à un engagement de fréquentation d’au moins 12 enfants. Une équipe d’animation municipale accueille les [&hellip;]

École élémentaire Marcel Cachin
