{"id":16152,"date":"2025-08-28T17:06:23","date_gmt":"2025-08-28T15:06:23","guid":{"rendered":"https:\/\/www.neuillysurmarne.fr\/?post_type=evenements&#038;p=16152"},"modified":"2025-08-28T17:06:23","modified_gmt":"2025-08-28T15:06:23","slug":"cinemome-hola-frida","status":"publish","type":"evenements","link":"https:\/\/www.neuillysurmarne.fr\/it\/evenements\/cinemome-hola-frida\/","title":{"rendered":"Cin\u00e9m\u00f4me &#8211; Hola Frida"},"content":{"rendered":"<h3><strong>Cinema<\/strong><br \/>\n<strong>HOLA FRIDA<\/strong><\/h3>\n<p><b>Mercredi 10 juin \u00e0 14h<br \/>\nLudom\u00e9diath\u00e8que Antoine de Saint-Exup\u00e9ry<\/b><\/p>\n<p><em>D\u00e8s 6 ans<br \/>\nGratuit sur r\u00e9servation au 01 56 49 19 49 \/ <strong><a href=\"mailto:mediatheque@neuillysurmarne.fr\">mediatheque@neuillysurmarne.fr<\/a><\/strong><\/em><\/p>\n<p><strong>D&rsquo;Andr\u00e9 Kadi et Karine V\u00e9zina<\/strong><\/p>\n<p>C&rsquo;est l&rsquo;histoire d&rsquo;une petite fille diff\u00e9rente. Son monde, c&rsquo;est Coyocan au Mexique. P\u00e9tillante, vibrante, tout l&rsquo;int\u00e9resse. Et lorsque les \u00e9preuves se pr\u00e9sentent, elle leur fait face gr\u00e2ce \u00e0 un imaginaire d\u00e9bordant. Cette petit fille s&rsquo;appelle Frida Kahlo !<\/p>","protected":false},"featured_media":16153,"template":"","categorie-evenement":[247,232,258],"class_list":["post-16152","evenements","type-evenements","status-publish","has-post-thumbnail","hentry","categorie-evenement-a-la-une","categorie-evenement-culture","categorie-evenement-jeunesse"],"acf":[],"yoast_head":"<!-- This site is optimized with the Yoast SEO plugin v27.4 - https:\/\/yoast.com\/product\/yoast-seo-wordpress\/ -->\n<title>Cin\u00e9m\u00f4me - Hola Frida - Mairie de Neuilly-sur-Marne<\/title>\n<meta name=\"robots\" content=\"index, follow, max-snippet:-1, max-image-preview:large, max-video-preview:-1\" \/>\n<link rel=\"canonical\" href=\"https:\/\/www.neuillysurmarne.fr\/it\/evenements\/cinemome-hola-frida\/\" \/>\n<meta property=\"og:locale\" content=\"it_IT\" \/>\n<meta property=\"og:type\" content=\"article\" \/>\n<meta property=\"og:title\" content=\"Cin\u00e9m\u00f4me - Hola Frida - Mairie de Neuilly-sur-Marne\" \/>\n<meta property=\"og:description\" content=\"Cin\u00e9ma HOLA FRIDA Mercredi 10 juin \u00e0 14h Ludom\u00e9diath\u00e8que Antoine de Saint-Exup\u00e9ry D\u00e8s 6 ans Gratuit sur r\u00e9servation au 01 56 49 19 49 \/ mediatheque@neuillysurmarne.fr D&rsquo;Andr\u00e9 Kadi et Karine V\u00e9zina C&rsquo;est l&rsquo;histoire d&rsquo;une petite fille diff\u00e9rente. Son monde, c&rsquo;est Coyocan au Mexique. P\u00e9tillante, vibrante, tout l&rsquo;int\u00e9resse. Et lorsque les \u00e9preuves se pr\u00e9sentent, elle leur [&hellip;]\" \/>\n<meta property=\"og:url\" content=\"https:\/\/www.neuillysurmarne.fr\/it\/evenements\/cinemome-hola-frida\/\" \/>\n<meta property=\"og:site_name\" content=\"Mairie de Neuilly-sur-Marne\" \/>\n<meta property=\"article:publisher\" content=\"https:\/\/www.facebook.com\/ville.neuilly\" \/>\n<meta property=\"og:image\" content=\"https:\/\/www.neuillysurmarne.fr\/wp-content\/uploads\/2025\/08\/Cinemome-Hola-Frida.jpg\" \/>\n\t<meta property=\"og:image:width\" content=\"1148\" \/>\n\t<meta property=\"og:image:height\" content=\"643\" \/>\n\t<meta property=\"og:image:type\" content=\"image\/jpeg\" \/>\n<meta name=\"twitter:card\" content=\"summary_large_image\" \/>\n<meta name=\"twitter:label1\" content=\"Tempo di lettura stimato\" \/>\n\t<meta name=\"twitter:data1\" content=\"1 minuto\" \/>\n<script type=\"application\/ld+json\" class=\"yoast-schema-graph\">{\"@context\":\"https:\\\/\\\/schema.org\",\"@graph\":[{\"@type\":\"WebPage\",\"@id\":\"https:\\\/\\\/www.neuillysurmarne.fr\\\/evenements\\\/cinemome-hola-frida\\\/\",\"url\":\"https:\\\/\\\/www.neuillysurmarne.fr\\\/evenements\\\/cinemome-hola-frida\\\/\",\"name\":\"Cin\u00e9m\u00f4me - Hola Frida - Mairie de Neuilly-sur-Marne\",\"isPartOf\":{\"@id\":\"https:\\\/\\\/www.neuillysurmarne.fr\\\/es\\\/#website\"},\"primaryImageOfPage\":{\"@id\":\"https:\\\/\\\/www.neuillysurmarne.fr\\\/evenements\\\/cinemome-hola-frida\\\/#primaryimage\"},\"image\":{\"@id\":\"https:\\\/\\\/www.neuillysurmarne.fr\\\/evenements\\\/cinemome-hola-frida\\\/#primaryimage\"},\"thumbnailUrl\":\"https:\\\/\\\/www.neuillysurmarne.fr\\\/wp-content\\\/uploads\\\/2025\\\/08\\\/Cinemome-Hola-Frida.jpg\",\"datePublished\":\"2025-08-28T15:06:23+00:00\",\"breadcrumb\":{\"@id\":\"https:\\\/\\\/www.neuillysurmarne.fr\\\/evenements\\\/cinemome-hola-frida\\\/#breadcrumb\"},\"inLanguage\":\"it-IT\",\"potentialAction\":[{\"@type\":\"ReadAction\",\"target\":[\"https:\\\/\\\/www.neuillysurmarne.fr\\\/evenements\\\/cinemome-hola-frida\\\/\"]}]},{\"@type\":\"ImageObject\",\"inLanguage\":\"it-IT\",\"@id\":\"https:\\\/\\\/www.neuillysurmarne.fr\\\/evenements\\\/cinemome-hola-frida\\\/#primaryimage\",\"url\":\"https:\\\/\\\/www.neuillysurmarne.fr\\\/wp-content\\\/uploads\\\/2025\\\/08\\\/Cinemome-Hola-Frida.jpg\",\"contentUrl\":\"https:\\\/\\\/www.neuillysurmarne.fr\\\/wp-content\\\/uploads\\\/2025\\\/08\\\/Cinemome-Hola-Frida.jpg\",\"width\":1148,\"height\":643},{\"@type\":\"BreadcrumbList\",\"@id\":\"https:\\\/\\\/www.neuillysurmarne.fr\\\/evenements\\\/cinemome-hola-frida\\\/#breadcrumb\",\"itemListElement\":[{\"@type\":\"ListItem\",\"position\":1,\"name\":\"Accueil\",\"item\":\"https:\\\/\\\/www.neuillysurmarne.fr\\\/\"},{\"@type\":\"ListItem\",\"position\":2,\"name\":\"Cin\u00e9m\u00f4me &#8211; Hola Frida\"}]},{\"@type\":\"WebSite\",\"@id\":\"https:\\\/\\\/www.neuillysurmarne.fr\\\/es\\\/#website\",\"url\":\"https:\\\/\\\/www.neuillysurmarne.fr\\\/es\\\/\",\"name\":\"Mairie de Neuilly-sur-Marne\",\"description\":\"BETA\",\"publisher\":{\"@id\":\"https:\\\/\\\/www.neuillysurmarne.fr\\\/es\\\/#organization\"},\"potentialAction\":[{\"@type\":\"SearchAction\",\"target\":{\"@type\":\"EntryPoint\",\"urlTemplate\":\"https:\\\/\\\/www.neuillysurmarne.fr\\\/es\\\/?s={search_term_string}\"},\"query-input\":{\"@type\":\"PropertyValueSpecification\",\"valueRequired\":true,\"valueName\":\"search_term_string\"}}],\"inLanguage\":\"it-IT\"},{\"@type\":\"Organization\",\"@id\":\"https:\\\/\\\/www.neuillysurmarne.fr\\\/es\\\/#organization\",\"name\":\"Mairie de Neuilly-sur-Marne\",\"url\":\"https:\\\/\\\/www.neuillysurmarne.fr\\\/es\\\/\",\"logo\":{\"@type\":\"ImageObject\",\"inLanguage\":\"it-IT\",\"@id\":\"https:\\\/\\\/www.neuillysurmarne.fr\\\/es\\\/#\\\/schema\\\/logo\\\/image\\\/\",\"url\":\"https:\\\/\\\/www.neuillysurmarne.fr\\\/wp-content\\\/uploads\\\/2023\\\/10\\\/LOGO-NeuillysurMarne-blanc.png\",\"contentUrl\":\"https:\\\/\\\/www.neuillysurmarne.fr\\\/wp-content\\\/uploads\\\/2023\\\/10\\\/LOGO-NeuillysurMarne-blanc.png\",\"width\":3308,\"height\":2586,\"caption\":\"Mairie de Neuilly-sur-Marne\"},\"image\":{\"@id\":\"https:\\\/\\\/www.neuillysurmarne.fr\\\/es\\\/#\\\/schema\\\/logo\\\/image\\\/\"},\"sameAs\":[\"https:\\\/\\\/www.facebook.com\\\/ville.neuilly\",\"https:\\\/\\\/www.instagram.com\\\/neuilly_marne\\\/\",\"https:\\\/\\\/www.linkedin.com\\\/company\\\/ville-de-neuilly-sur-marne\\\/\",\"https:\\\/\\\/www.youtube.com\\\/channel\\\/UCDdZ0TLrV8rfIqjBGvoeB5A\",\"https:\\\/\\\/www.tiktok.com\\\/@villedeneuillysurmarne\"]}]}<\/script>\n<!-- \/ Yoast SEO plugin. -->","yoast_head_json":{"title":"Cin\u00e9m\u00f4me - Hola Frida - Mairie de Neuilly-sur-Marne","robots":{"index":"index","follow":"follow","max-snippet":"max-snippet:-1","max-image-preview":"max-image-preview:large","max-video-preview":"max-video-preview:-1"},"canonical":"https:\/\/www.neuillysurmarne.fr\/it\/evenements\/cinemome-hola-frida\/","og_locale":"it_IT","og_type":"article","og_title":"Cin\u00e9m\u00f4me - Hola Frida - Mairie de Neuilly-sur-Marne","og_description":"Cin\u00e9ma HOLA FRIDA Mercredi 10 juin \u00e0 14h Ludom\u00e9diath\u00e8que Antoine de Saint-Exup\u00e9ry D\u00e8s 6 ans Gratuit sur r\u00e9servation au 01 56 49 19 49 \/ mediatheque@neuillysurmarne.fr D&rsquo;Andr\u00e9 Kadi et Karine V\u00e9zina C&rsquo;est l&rsquo;histoire d&rsquo;une petite fille diff\u00e9rente. Son monde, c&rsquo;est Coyocan au Mexique. P\u00e9tillante, vibrante, tout l&rsquo;int\u00e9resse. Et lorsque les \u00e9preuves se pr\u00e9sentent, elle leur [&hellip;]","og_url":"https:\/\/www.neuillysurmarne.fr\/it\/evenements\/cinemome-hola-frida\/","og_site_name":"Mairie de Neuilly-sur-Marne","article_publisher":"https:\/\/www.facebook.com\/ville.neuilly","og_image":[{"width":1148,"height":643,"url":"https:\/\/www.neuillysurmarne.fr\/wp-content\/uploads\/2025\/08\/Cinemome-Hola-Frida.jpg","type":"image\/jpeg"}],"twitter_card":"summary_large_image","twitter_misc":{"Tempo di lettura stimato":"1 minuto"},"schema":{"@context":"https:\/\/schema.org","@graph":[{"@type":"WebPage","@id":"https:\/\/www.neuillysurmarne.fr\/evenements\/cinemome-hola-frida\/","url":"https:\/\/www.neuillysurmarne.fr\/evenements\/cinemome-hola-frida\/","name":"Cin\u00e9m\u00f4me - Hola Frida - Mairie de Neuilly-sur-Marne","isPartOf":{"@id":"https:\/\/www.neuillysurmarne.fr\/es\/#website"},"primaryImageOfPage":{"@id":"https:\/\/www.neuillysurmarne.fr\/evenements\/cinemome-hola-frida\/#primaryimage"},"image":{"@id":"https:\/\/www.neuillysurmarne.fr\/evenements\/cinemome-hola-frida\/#primaryimage"},"thumbnailUrl":"https:\/\/www.neuillysurmarne.fr\/wp-content\/uploads\/2025\/08\/Cinemome-Hola-Frida.jpg","datePublished":"2025-08-28T15:06:23+00:00","breadcrumb":{"@id":"https:\/\/www.neuillysurmarne.fr\/evenements\/cinemome-hola-frida\/#breadcrumb"},"inLanguage":"it-IT","potentialAction":[{"@type":"ReadAction","target":["https:\/\/www.neuillysurmarne.fr\/evenements\/cinemome-hola-frida\/"]}]},{"@type":"ImageObject","inLanguage":"it-IT","@id":"https:\/\/www.neuillysurmarne.fr\/evenements\/cinemome-hola-frida\/#primaryimage","url":"https:\/\/www.neuillysurmarne.fr\/wp-content\/uploads\/2025\/08\/Cinemome-Hola-Frida.jpg","contentUrl":"https:\/\/www.neuillysurmarne.fr\/wp-content\/uploads\/2025\/08\/Cinemome-Hola-Frida.jpg","width":1148,"height":643},{"@type":"BreadcrumbList","@id":"https:\/\/www.neuillysurmarne.fr\/evenements\/cinemome-hola-frida\/#breadcrumb","itemListElement":[{"@type":"ListItem","position":1,"name":"Accueil","item":"https:\/\/www.neuillysurmarne.fr\/"},{"@type":"ListItem","position":2,"name":"Cin\u00e9m\u00f4me &#8211; Hola Frida"}]},{"@type":"WebSite","@id":"https:\/\/www.neuillysurmarne.fr\/es\/#website","url":"https:\/\/www.neuillysurmarne.fr\/es\/","name":"Municipio di Neuilly-sur-Marne","description":"BETA","publisher":{"@id":"https:\/\/www.neuillysurmarne.fr\/es\/#organization"},"potentialAction":[{"@type":"SearchAction","target":{"@type":"EntryPoint","urlTemplate":"https:\/\/www.neuillysurmarne.fr\/es\/?s={search_term_string}"},"query-input":{"@type":"PropertyValueSpecification","valueRequired":true,"valueName":"search_term_string"}}],"inLanguage":"it-IT"},{"@type":"Organization","@id":"https:\/\/www.neuillysurmarne.fr\/es\/#organization","name":"Municipio di Neuilly-sur-Marne","url":"https:\/\/www.neuillysurmarne.fr\/es\/","logo":{"@type":"ImageObject","inLanguage":"it-IT","@id":"https:\/\/www.neuillysurmarne.fr\/es\/#\/schema\/logo\/image\/","url":"https:\/\/www.neuillysurmarne.fr\/wp-content\/uploads\/2023\/10\/LOGO-NeuillysurMarne-blanc.png","contentUrl":"https:\/\/www.neuillysurmarne.fr\/wp-content\/uploads\/2023\/10\/LOGO-NeuillysurMarne-blanc.png","width":3308,"height":2586,"caption":"Mairie de Neuilly-sur-Marne"},"image":{"@id":"https:\/\/www.neuillysurmarne.fr\/es\/#\/schema\/logo\/image\/"},"sameAs":["https:\/\/www.facebook.com\/ville.neuilly","https:\/\/www.instagram.com\/neuilly_marne\/","https:\/\/www.linkedin.com\/company\/ville-de-neuilly-sur-marne\/","https:\/\/www.youtube.com\/channel\/UCDdZ0TLrV8rfIqjBGvoeB5A","https:\/\/www.tiktok.com\/@villedeneuillysurmarne"]}]}},"_links":{"self":[{"href":"https:\/\/www.neuillysurmarne.fr\/it\/wp-json\/wp\/v2\/evenements\/16152","targetHints":{"allow":["GET"]}}],"collection":[{"href":"https:\/\/www.neuillysurmarne.fr\/it\/wp-json\/wp\/v2\/evenements"}],"about":[{"href":"https:\/\/www.neuillysurmarne.fr\/it\/wp-json\/wp\/v2\/types\/evenements"}],"wp:featuredmedia":[{"embeddable":true,"href":"https:\/\/www.neuillysurmarne.fr\/it\/wp-json\/wp\/v2\/media\/16153"}],"wp:attachment":[{"href":"https:\/\/www.neuillysurmarne.fr\/it\/wp-json\/wp\/v2\/media?parent=16152"}],"wp:term":[{"taxonomy":"categorie-evenement","embeddable":true,"href":"https:\/\/www.neuillysurmarne.fr\/it\/wp-json\/wp\/v2\/categorie-evenement?post=16152"}],"curies":[{"name":"wp","href":"https:\/\/api.w.org\/{rel}","templated":true}]}}

Cinémôme &#8211; Hola Frida

<h3><strong>Cinema</strong><br />
<strong>HOLA FRIDA</strong></h3>
<p><b>Mercredi 10 juin à 14h<br />
Ludomédiathèque Antoine de Saint-Exupéry</b></p>
<p><em>Dès 6 ans<br />
Gratuit sur réservation au 01 56 49 19 49 / <strong><a href="mailto:mediatheque@neuillysurmarne.fr">mediatheque@neuillysurmarne.fr</a></strong></em></p>
<p><strong>D&rsquo;André Kadi et Karine Vézina</strong></p>
<p>C&rsquo;est l&rsquo;histoire d&rsquo;une petite fille différente. Son monde, c&rsquo;est Coyocan au Mexique. Pétillante, vibrante, tout l&rsquo;intéresse. Et lorsque les épreuves se présentent, elle leur fait face grâce à un imaginaire débordant. Cette petit fille s&rsquo;appelle Frida Kahlo !</p>

<!-- This site is optimized with the Yoast SEO plugin v27.4 - https://yoast.com/product/yoast-seo-wordpress/ -->
<title>Cinémôme - Hola Frida - Mairie de Neuilly-sur-Marne</title>
<meta name="robots" content="index, follow, max-snippet:-1, max-image-preview:large, max-video-preview:-1" />
<link rel="canonical" href="https://www.neuillysurmarne.fr/it/evenements/cinemome-hola-frida/" />
<meta property="og:locale" content="it_IT" />
<meta property="og:type" content="article" />
<meta property="og:title" content="Cinémôme - Hola Frida - Mairie de Neuilly-sur-Marne" />
<meta property="og:description" content="Cinéma HOLA FRIDA Mercredi 10 juin à 14h Ludomédiathèque Antoine de Saint-Exupéry Dès 6 ans Gratuit sur réservation au 01 56 49 19 49 / mediatheque@neuillysurmarne.fr D&rsquo;André Kadi et Karine Vézina C&rsquo;est l&rsquo;histoire d&rsquo;une petite fille différente. Son monde, c&rsquo;est Coyocan au Mexique. Pétillante, vibrante, tout l&rsquo;intéresse. Et lorsque les épreuves se présentent, elle leur [&hellip;]" />
<meta property="og:url" content="https://www.neuillysurmarne.fr/it/evenements/cinemome-hola-frida/" />
<meta property="og:site_name" content="Mairie de Neuilly-sur-Marne" />
<meta property="article:publisher" content="https://www.facebook.com/ville.neuilly" />
<meta property="og:image" content="https://www.neuillysurmarne.fr/wp-content/uploads/2025/08/Cinemome-Hola-Frida.jpg" />
	<meta property="og:image:width" content="1148" />
	<meta property="og:image:height" content="643" />
	<meta property="og:image:type" content="image/jpeg" />
<meta name="twitter:card" content="summary_large_image" />
<meta name="twitter:label1" content="Tempo di lettura stimato" />
	<meta name="twitter:data1" content="1 minuto" />
<script type="application/ld+json" class="yoast-schema-graph">{"@context":"https:\/\/schema.org","@graph":[{"@type":"WebPage","@id":"https:\/\/www.neuillysurmarne.fr\/evenements\/cinemome-hola-frida\/","url":"https:\/\/www.neuillysurmarne.fr\/evenements\/cinemome-hola-frida\/","name":"Cinémôme - Hola Frida - Mairie de Neuilly-sur-Marne","isPartOf":{"@id":"https:\/\/www.neuillysurmarne.fr\/es\/#website"},"primaryImageOfPage":{"@id":"https:\/\/www.neuillysurmarne.fr\/evenements\/cinemome-hola-frida\/#primaryimage"},"image":{"@id":"https:\/\/www.neuillysurmarne.fr\/evenements\/cinemome-hola-frida\/#primaryimage"},"thumbnailUrl":"https:\/\/www.neuillysurmarne.fr\/wp-content\/uploads\/2025\/08\/Cinemome-Hola-Frida.jpg","datePublished":"2025-08-28T15:06:23+00:00","breadcrumb":{"@id":"https:\/\/www.neuillysurmarne.fr\/evenements\/cinemome-hola-frida\/#breadcrumb"},"inLanguage":"it-IT","potentialAction":[{"@type":"ReadAction","target":["https:\/\/www.neuillysurmarne.fr\/evenements\/cinemome-hola-frida\/"]}]},{"@type":"ImageObject","inLanguage":"it-IT","@id":"https:\/\/www.neuillysurmarne.fr\/evenements\/cinemome-hola-frida\/#primaryimage","url":"https:\/\/www.neuillysurmarne.fr\/wp-content\/uploads\/2025\/08\/Cinemome-Hola-Frida.jpg","contentUrl":"https:\/\/www.neuillysurmarne.fr\/wp-content\/uploads\/2025\/08\/Cinemome-Hola-Frida.jpg","width":1148,"height":643},{"@type":"BreadcrumbList","@id":"https:\/\/www.neuillysurmarne.fr\/evenements\/cinemome-hola-frida\/#breadcrumb","itemListElement":[{"@type":"ListItem","position":1,"name":"Accueil","item":"https:\/\/www.neuillysurmarne.fr\/"},{"@type":"ListItem","position":2,"name":"Cinémôme &#8211; Hola Frida"}]},{"@type":"WebSite","@id":"https:\/\/www.neuillysurmarne.fr\/es\/#website","url":"https:\/\/www.neuillysurmarne.fr\/es\/","name":"Mairie de Neuilly-sur-Marne","description":"BETA","publisher":{"@id":"https:\/\/www.neuillysurmarne.fr\/es\/#organization"},"potentialAction":[{"@type":"SearchAction","target":{"@type":"EntryPoint","urlTemplate":"https:\/\/www.neuillysurmarne.fr\/es\/?s={search_term_string}"},"query-input":{"@type":"PropertyValueSpecification","valueRequired":true,"valueName":"search_term_string"}}],"inLanguage":"it-IT"},{"@type":"Organization","@id":"https:\/\/www.neuillysurmarne.fr\/es\/#organization","name":"Mairie de Neuilly-sur-Marne","url":"https:\/\/www.neuillysurmarne.fr\/es\/","logo":{"@type":"ImageObject","inLanguage":"it-IT","@id":"https:\/\/www.neuillysurmarne.fr\/es\/#\/schema\/logo\/image\/","url":"https:\/\/www.neuillysurmarne.fr\/wp-content\/uploads\/2023\/10\/LOGO-NeuillysurMarne-blanc.png","contentUrl":"https:\/\/www.neuillysurmarne.fr\/wp-content\/uploads\/2023\/10\/LOGO-NeuillysurMarne-blanc.png","width":3308,"height":2586,"caption":"Mairie de Neuilly-sur-Marne"},"image":{"@id":"https:\/\/www.neuillysurmarne.fr\/es\/#\/schema\/logo\/image\/"},"sameAs":["https:\/\/www.facebook.com\/ville.neuilly","https:\/\/www.instagram.com\/neuilly_marne\/","https:\/\/www.linkedin.com\/company\/ville-de-neuilly-sur-marne\/","https:\/\/www.youtube.com\/channel\/UCDdZ0TLrV8rfIqjBGvoeB5A","https:\/\/www.tiktok.com\/@villedeneuillysurmarne"]}]}</script>
<!-- / Yoast SEO plugin. -->

Cinémôme - Hola Frida - Mairie de Neuilly-sur-Marne

Cinéma HOLA FRIDA Mercredi 10 juin à 14h Ludomédiathèque Antoine de Saint-Exupéry Dès 6 ans Gratuit sur réservation au 01 56 49 19 49 / mediatheque@neuillysurmarne.fr D&rsquo;André Kadi et Karine Vézina C&rsquo;est l&rsquo;histoire d&rsquo;une petite fille différente. Son monde, c&rsquo;est Coyocan au Mexique. Pétillante, vibrante, tout l&rsquo;intéresse. Et lorsque les épreuves se présentent, elle leur [&hellip;]
