{"id":17714,"date":"2026-03-31T14:37:45","date_gmt":"2026-03-31T12:37:45","guid":{"rendered":"https:\/\/www.neuillysurmarne.fr\/?post_type=evenements&#038;p=17714"},"modified":"2026-03-31T14:41:27","modified_gmt":"2026-03-31T12:41:27","slug":"marche-nordique-au-parc-de-la-haute-ile-2","status":"publish","type":"evenements","link":"https:\/\/www.neuillysurmarne.fr\/it\/evenements\/marche-nordique-au-parc-de-la-haute-ile-2\/","title":{"rendered":"Marche nordique au parc de la Haute-\u00cele"},"content":{"rendered":"<h3><strong>Lo sport<\/strong><\/h3>\n<h3><strong>MARCHE NORDIQUE<\/strong><\/h3>\n<p><strong>Dimanche 10 mai de 10h \u00e0 12h<\/strong><br \/>\n<strong>Parc de la Haute-\u00cele<\/strong><\/p>\n<p>Initiez\u2011vous \u00e0 la marche nordique et d\u00e9couvrez une pratique sportive compl\u00e8te et accessible \u00e0 tous. Le parcours permet de profiter des paysages du parc tout en travaillant respiration, posture et mobilit\u00e9. Pr\u00eat de b\u00e2tons possibles aupr\u00e8s des animateurs.<\/p>\n<p>RDV sur le parking du parc, acc\u00e8s avenue Jean-Jaur\u00e8s.<\/p>\n<p>\u00c0 partir de 12 ans, gratuit, sur inscription uniquement.<\/p>\n<p>\ud83d\udc49 Pour effectuer une r\u00e9servation, cliquez ici :<br \/>\n<a href=\"https:\/\/parcsinfo.seinesaintdenis.fr\/activite\/marche-nordique-3\/\">https:\/\/parcsinfo.seinesaintdenis.fr\/activite\/marche-nordique-3\/<\/a><\/p>","protected":false},"featured_media":17716,"template":"","categorie-evenement":[228],"class_list":["post-17714","evenements","type-evenements","status-publish","has-post-thumbnail","hentry","categorie-evenement-animation"],"acf":[],"yoast_head":"<!-- This site is optimized with the Yoast SEO plugin v27.4 - https:\/\/yoast.com\/product\/yoast-seo-wordpress\/ -->\n<title>Marche nordique au parc de la Haute-\u00cele - Mairie de Neuilly-sur-Marne<\/title>\n<meta name=\"robots\" content=\"index, follow, max-snippet:-1, max-image-preview:large, max-video-preview:-1\" \/>\n<link rel=\"canonical\" href=\"https:\/\/www.neuillysurmarne.fr\/it\/evenements\/marche-nordique-au-parc-de-la-haute-ile-2\/\" \/>\n<meta property=\"og:locale\" content=\"it_IT\" \/>\n<meta property=\"og:type\" content=\"article\" \/>\n<meta property=\"og:title\" content=\"Marche nordique au parc de la Haute-\u00cele - Mairie de Neuilly-sur-Marne\" \/>\n<meta property=\"og:description\" content=\"Sport MARCHE NORDIQUE Dimanche 10 mai de 10h \u00e0 12h Parc de la Haute-\u00cele Initiez\u2011vous \u00e0 la marche nordique et d\u00e9couvrez une pratique sportive compl\u00e8te et accessible \u00e0 tous. Le parcours permet de profiter des paysages du parc tout en travaillant respiration, posture et mobilit\u00e9. Pr\u00eat de b\u00e2tons possibles aupr\u00e8s des animateurs. RDV sur le [&hellip;]\" \/>\n<meta property=\"og:url\" content=\"https:\/\/www.neuillysurmarne.fr\/it\/evenements\/marche-nordique-au-parc-de-la-haute-ile-2\/\" \/>\n<meta property=\"og:site_name\" content=\"Mairie de Neuilly-sur-Marne\" \/>\n<meta property=\"article:publisher\" content=\"https:\/\/www.facebook.com\/ville.neuilly\" \/>\n<meta property=\"article:modified_time\" content=\"2026-03-31T12:41:27+00:00\" \/>\n<meta property=\"og:image\" content=\"https:\/\/www.neuillysurmarne.fr\/wp-content\/uploads\/2026\/03\/Image-site-A-la-Une-28.png\" \/>\n\t<meta property=\"og:image:width\" content=\"1200\" \/>\n\t<meta property=\"og:image:height\" content=\"480\" \/>\n\t<meta property=\"og:image:type\" content=\"image\/png\" \/>\n<meta name=\"twitter:card\" content=\"summary_large_image\" \/>\n<meta name=\"twitter:label1\" content=\"Tempo di lettura stimato\" \/>\n\t<meta name=\"twitter:data1\" content=\"1 minuto\" \/>\n<script type=\"application\/ld+json\" class=\"yoast-schema-graph\">{\"@context\":\"https:\\\/\\\/schema.org\",\"@graph\":[{\"@type\":\"WebPage\",\"@id\":\"https:\\\/\\\/www.neuillysurmarne.fr\\\/evenements\\\/marche-nordique-au-parc-de-la-haute-ile-2\\\/\",\"url\":\"https:\\\/\\\/www.neuillysurmarne.fr\\\/evenements\\\/marche-nordique-au-parc-de-la-haute-ile-2\\\/\",\"name\":\"Marche nordique au parc de la Haute-\u00cele - Mairie de Neuilly-sur-Marne\",\"isPartOf\":{\"@id\":\"https:\\\/\\\/www.neuillysurmarne.fr\\\/es\\\/#website\"},\"primaryImageOfPage\":{\"@id\":\"https:\\\/\\\/www.neuillysurmarne.fr\\\/evenements\\\/marche-nordique-au-parc-de-la-haute-ile-2\\\/#primaryimage\"},\"image\":{\"@id\":\"https:\\\/\\\/www.neuillysurmarne.fr\\\/evenements\\\/marche-nordique-au-parc-de-la-haute-ile-2\\\/#primaryimage\"},\"thumbnailUrl\":\"https:\\\/\\\/www.neuillysurmarne.fr\\\/wp-content\\\/uploads\\\/2026\\\/03\\\/Image-site-A-la-Une-28.png\",\"datePublished\":\"2026-03-31T12:37:45+00:00\",\"dateModified\":\"2026-03-31T12:41:27+00:00\",\"breadcrumb\":{\"@id\":\"https:\\\/\\\/www.neuillysurmarne.fr\\\/evenements\\\/marche-nordique-au-parc-de-la-haute-ile-2\\\/#breadcrumb\"},\"inLanguage\":\"it-IT\",\"potentialAction\":[{\"@type\":\"ReadAction\",\"target\":[\"https:\\\/\\\/www.neuillysurmarne.fr\\\/evenements\\\/marche-nordique-au-parc-de-la-haute-ile-2\\\/\"]}]},{\"@type\":\"ImageObject\",\"inLanguage\":\"it-IT\",\"@id\":\"https:\\\/\\\/www.neuillysurmarne.fr\\\/evenements\\\/marche-nordique-au-parc-de-la-haute-ile-2\\\/#primaryimage\",\"url\":\"https:\\\/\\\/www.neuillysurmarne.fr\\\/wp-content\\\/uploads\\\/2026\\\/03\\\/Image-site-A-la-Une-28.png\",\"contentUrl\":\"https:\\\/\\\/www.neuillysurmarne.fr\\\/wp-content\\\/uploads\\\/2026\\\/03\\\/Image-site-A-la-Une-28.png\",\"width\":1200,\"height\":480},{\"@type\":\"BreadcrumbList\",\"@id\":\"https:\\\/\\\/www.neuillysurmarne.fr\\\/evenements\\\/marche-nordique-au-parc-de-la-haute-ile-2\\\/#breadcrumb\",\"itemListElement\":[{\"@type\":\"ListItem\",\"position\":1,\"name\":\"Accueil\",\"item\":\"https:\\\/\\\/www.neuillysurmarne.fr\\\/\"},{\"@type\":\"ListItem\",\"position\":2,\"name\":\"Marche nordique au parc de la Haute-\u00cele\"}]},{\"@type\":\"WebSite\",\"@id\":\"https:\\\/\\\/www.neuillysurmarne.fr\\\/es\\\/#website\",\"url\":\"https:\\\/\\\/www.neuillysurmarne.fr\\\/es\\\/\",\"name\":\"Mairie de Neuilly-sur-Marne\",\"description\":\"BETA\",\"publisher\":{\"@id\":\"https:\\\/\\\/www.neuillysurmarne.fr\\\/es\\\/#organization\"},\"potentialAction\":[{\"@type\":\"SearchAction\",\"target\":{\"@type\":\"EntryPoint\",\"urlTemplate\":\"https:\\\/\\\/www.neuillysurmarne.fr\\\/es\\\/?s={search_term_string}\"},\"query-input\":{\"@type\":\"PropertyValueSpecification\",\"valueRequired\":true,\"valueName\":\"search_term_string\"}}],\"inLanguage\":\"it-IT\"},{\"@type\":\"Organization\",\"@id\":\"https:\\\/\\\/www.neuillysurmarne.fr\\\/es\\\/#organization\",\"name\":\"Mairie de Neuilly-sur-Marne\",\"url\":\"https:\\\/\\\/www.neuillysurmarne.fr\\\/es\\\/\",\"logo\":{\"@type\":\"ImageObject\",\"inLanguage\":\"it-IT\",\"@id\":\"https:\\\/\\\/www.neuillysurmarne.fr\\\/es\\\/#\\\/schema\\\/logo\\\/image\\\/\",\"url\":\"https:\\\/\\\/www.neuillysurmarne.fr\\\/wp-content\\\/uploads\\\/2023\\\/10\\\/LOGO-NeuillysurMarne-blanc.png\",\"contentUrl\":\"https:\\\/\\\/www.neuillysurmarne.fr\\\/wp-content\\\/uploads\\\/2023\\\/10\\\/LOGO-NeuillysurMarne-blanc.png\",\"width\":3308,\"height\":2586,\"caption\":\"Mairie de Neuilly-sur-Marne\"},\"image\":{\"@id\":\"https:\\\/\\\/www.neuillysurmarne.fr\\\/es\\\/#\\\/schema\\\/logo\\\/image\\\/\"},\"sameAs\":[\"https:\\\/\\\/www.facebook.com\\\/ville.neuilly\",\"https:\\\/\\\/www.instagram.com\\\/neuilly_marne\\\/\",\"https:\\\/\\\/www.linkedin.com\\\/company\\\/ville-de-neuilly-sur-marne\\\/\",\"https:\\\/\\\/www.youtube.com\\\/channel\\\/UCDdZ0TLrV8rfIqjBGvoeB5A\",\"https:\\\/\\\/www.tiktok.com\\\/@villedeneuillysurmarne\"]}]}<\/script>\n<!-- \/ Yoast SEO plugin. -->","yoast_head_json":{"title":"Marche nordique au parc de la Haute-\u00cele - Mairie de Neuilly-sur-Marne","robots":{"index":"index","follow":"follow","max-snippet":"max-snippet:-1","max-image-preview":"max-image-preview:large","max-video-preview":"max-video-preview:-1"},"canonical":"https:\/\/www.neuillysurmarne.fr\/it\/evenements\/marche-nordique-au-parc-de-la-haute-ile-2\/","og_locale":"it_IT","og_type":"article","og_title":"Marche nordique au parc de la Haute-\u00cele - Mairie de Neuilly-sur-Marne","og_description":"Sport MARCHE NORDIQUE Dimanche 10 mai de 10h \u00e0 12h Parc de la Haute-\u00cele Initiez\u2011vous \u00e0 la marche nordique et d\u00e9couvrez une pratique sportive compl\u00e8te et accessible \u00e0 tous. Le parcours permet de profiter des paysages du parc tout en travaillant respiration, posture et mobilit\u00e9. Pr\u00eat de b\u00e2tons possibles aupr\u00e8s des animateurs. RDV sur le [&hellip;]","og_url":"https:\/\/www.neuillysurmarne.fr\/it\/evenements\/marche-nordique-au-parc-de-la-haute-ile-2\/","og_site_name":"Mairie de Neuilly-sur-Marne","article_publisher":"https:\/\/www.facebook.com\/ville.neuilly","article_modified_time":"2026-03-31T12:41:27+00:00","og_image":[{"width":1200,"height":480,"url":"https:\/\/www.neuillysurmarne.fr\/wp-content\/uploads\/2026\/03\/Image-site-A-la-Une-28.png","type":"image\/png"}],"twitter_card":"summary_large_image","twitter_misc":{"Tempo di lettura stimato":"1 minuto"},"schema":{"@context":"https:\/\/schema.org","@graph":[{"@type":"WebPage","@id":"https:\/\/www.neuillysurmarne.fr\/evenements\/marche-nordique-au-parc-de-la-haute-ile-2\/","url":"https:\/\/www.neuillysurmarne.fr\/evenements\/marche-nordique-au-parc-de-la-haute-ile-2\/","name":"Marche nordique au parc de la Haute-\u00cele - Mairie de Neuilly-sur-Marne","isPartOf":{"@id":"https:\/\/www.neuillysurmarne.fr\/es\/#website"},"primaryImageOfPage":{"@id":"https:\/\/www.neuillysurmarne.fr\/evenements\/marche-nordique-au-parc-de-la-haute-ile-2\/#primaryimage"},"image":{"@id":"https:\/\/www.neuillysurmarne.fr\/evenements\/marche-nordique-au-parc-de-la-haute-ile-2\/#primaryimage"},"thumbnailUrl":"https:\/\/www.neuillysurmarne.fr\/wp-content\/uploads\/2026\/03\/Image-site-A-la-Une-28.png","datePublished":"2026-03-31T12:37:45+00:00","dateModified":"2026-03-31T12:41:27+00:00","breadcrumb":{"@id":"https:\/\/www.neuillysurmarne.fr\/evenements\/marche-nordique-au-parc-de-la-haute-ile-2\/#breadcrumb"},"inLanguage":"it-IT","potentialAction":[{"@type":"ReadAction","target":["https:\/\/www.neuillysurmarne.fr\/evenements\/marche-nordique-au-parc-de-la-haute-ile-2\/"]}]},{"@type":"ImageObject","inLanguage":"it-IT","@id":"https:\/\/www.neuillysurmarne.fr\/evenements\/marche-nordique-au-parc-de-la-haute-ile-2\/#primaryimage","url":"https:\/\/www.neuillysurmarne.fr\/wp-content\/uploads\/2026\/03\/Image-site-A-la-Une-28.png","contentUrl":"https:\/\/www.neuillysurmarne.fr\/wp-content\/uploads\/2026\/03\/Image-site-A-la-Une-28.png","width":1200,"height":480},{"@type":"BreadcrumbList","@id":"https:\/\/www.neuillysurmarne.fr\/evenements\/marche-nordique-au-parc-de-la-haute-ile-2\/#breadcrumb","itemListElement":[{"@type":"ListItem","position":1,"name":"Accueil","item":"https:\/\/www.neuillysurmarne.fr\/"},{"@type":"ListItem","position":2,"name":"Marche nordique au parc de la Haute-\u00cele"}]},{"@type":"WebSite","@id":"https:\/\/www.neuillysurmarne.fr\/es\/#website","url":"https:\/\/www.neuillysurmarne.fr\/es\/","name":"Municipio di Neuilly-sur-Marne","description":"BETA","publisher":{"@id":"https:\/\/www.neuillysurmarne.fr\/es\/#organization"},"potentialAction":[{"@type":"SearchAction","target":{"@type":"EntryPoint","urlTemplate":"https:\/\/www.neuillysurmarne.fr\/es\/?s={search_term_string}"},"query-input":{"@type":"PropertyValueSpecification","valueRequired":true,"valueName":"search_term_string"}}],"inLanguage":"it-IT"},{"@type":"Organization","@id":"https:\/\/www.neuillysurmarne.fr\/es\/#organization","name":"Municipio di Neuilly-sur-Marne","url":"https:\/\/www.neuillysurmarne.fr\/es\/","logo":{"@type":"ImageObject","inLanguage":"it-IT","@id":"https:\/\/www.neuillysurmarne.fr\/es\/#\/schema\/logo\/image\/","url":"https:\/\/www.neuillysurmarne.fr\/wp-content\/uploads\/2023\/10\/LOGO-NeuillysurMarne-blanc.png","contentUrl":"https:\/\/www.neuillysurmarne.fr\/wp-content\/uploads\/2023\/10\/LOGO-NeuillysurMarne-blanc.png","width":3308,"height":2586,"caption":"Mairie de Neuilly-sur-Marne"},"image":{"@id":"https:\/\/www.neuillysurmarne.fr\/es\/#\/schema\/logo\/image\/"},"sameAs":["https:\/\/www.facebook.com\/ville.neuilly","https:\/\/www.instagram.com\/neuilly_marne\/","https:\/\/www.linkedin.com\/company\/ville-de-neuilly-sur-marne\/","https:\/\/www.youtube.com\/channel\/UCDdZ0TLrV8rfIqjBGvoeB5A","https:\/\/www.tiktok.com\/@villedeneuillysurmarne"]}]}},"_links":{"self":[{"href":"https:\/\/www.neuillysurmarne.fr\/it\/wp-json\/wp\/v2\/evenements\/17714","targetHints":{"allow":["GET"]}}],"collection":[{"href":"https:\/\/www.neuillysurmarne.fr\/it\/wp-json\/wp\/v2\/evenements"}],"about":[{"href":"https:\/\/www.neuillysurmarne.fr\/it\/wp-json\/wp\/v2\/types\/evenements"}],"wp:featuredmedia":[{"embeddable":true,"href":"https:\/\/www.neuillysurmarne.fr\/it\/wp-json\/wp\/v2\/media\/17716"}],"wp:attachment":[{"href":"https:\/\/www.neuillysurmarne.fr\/it\/wp-json\/wp\/v2\/media?parent=17714"}],"wp:term":[{"taxonomy":"categorie-evenement","embeddable":true,"href":"https:\/\/www.neuillysurmarne.fr\/it\/wp-json\/wp\/v2\/categorie-evenement?post=17714"}],"curies":[{"name":"wp","href":"https:\/\/api.w.org\/{rel}","templated":true}]}}

Marche nordique au parc de la Haute-Île

<h3><strong>Lo sport</strong></h3>
<h3><strong>MARCHE NORDIQUE</strong></h3>
<p><strong>Dimanche 10 mai de 10h à 12h</strong><br />
<strong>Parc de la Haute-Île</strong></p>
<p>Initiez‑vous à la marche nordique et découvrez une pratique sportive complète et accessible à tous. Le parcours permet de profiter des paysages du parc tout en travaillant respiration, posture et mobilité. Prêt de bâtons possibles auprès des animateurs.</p>
<p>RDV sur le parking du parc, accès avenue Jean-Jaurès.</p>
<p>À partir de 12 ans, gratuit, sur inscription uniquement.</p>
<p>👉 Pour effectuer une réservation, cliquez ici :<br />
<a href="https://parcsinfo.seinesaintdenis.fr/activite/marche-nordique-3/">https://parcsinfo.seinesaintdenis.fr/activite/marche-nordique-3/</a></p>

<!-- This site is optimized with the Yoast SEO plugin v27.4 - https://yoast.com/product/yoast-seo-wordpress/ -->
<title>Marche nordique au parc de la Haute-Île - Mairie de Neuilly-sur-Marne</title>
<meta name="robots" content="index, follow, max-snippet:-1, max-image-preview:large, max-video-preview:-1" />
<link rel="canonical" href="https://www.neuillysurmarne.fr/it/evenements/marche-nordique-au-parc-de-la-haute-ile-2/" />
<meta property="og:locale" content="it_IT" />
<meta property="og:type" content="article" />
<meta property="og:title" content="Marche nordique au parc de la Haute-Île - Mairie de Neuilly-sur-Marne" />
<meta property="og:description" content="Sport MARCHE NORDIQUE Dimanche 10 mai de 10h à 12h Parc de la Haute-Île Initiez‑vous à la marche nordique et découvrez une pratique sportive complète et accessible à tous. Le parcours permet de profiter des paysages du parc tout en travaillant respiration, posture et mobilité. Prêt de bâtons possibles auprès des animateurs. RDV sur le [&hellip;]" />
<meta property="og:url" content="https://www.neuillysurmarne.fr/it/evenements/marche-nordique-au-parc-de-la-haute-ile-2/" />
<meta property="og:site_name" content="Mairie de Neuilly-sur-Marne" />
<meta property="article:publisher" content="https://www.facebook.com/ville.neuilly" />
<meta property="article:modified_time" content="2026-03-31T12:41:27+00:00" />
<meta property="og:image" content="https://www.neuillysurmarne.fr/wp-content/uploads/2026/03/Image-site-A-la-Une-28.png" />
	<meta property="og:image:width" content="1200" />
	<meta property="og:image:height" content="480" />
	<meta property="og:image:type" content="image/png" />
<meta name="twitter:card" content="summary_large_image" />
<meta name="twitter:label1" content="Tempo di lettura stimato" />
	<meta name="twitter:data1" content="1 minuto" />
<script type="application/ld+json" class="yoast-schema-graph">{"@context":"https:\/\/schema.org","@graph":[{"@type":"WebPage","@id":"https:\/\/www.neuillysurmarne.fr\/evenements\/marche-nordique-au-parc-de-la-haute-ile-2\/","url":"https:\/\/www.neuillysurmarne.fr\/evenements\/marche-nordique-au-parc-de-la-haute-ile-2\/","name":"Marche nordique au parc de la Haute-Île - Mairie de Neuilly-sur-Marne","isPartOf":{"@id":"https:\/\/www.neuillysurmarne.fr\/es\/#website"},"primaryImageOfPage":{"@id":"https:\/\/www.neuillysurmarne.fr\/evenements\/marche-nordique-au-parc-de-la-haute-ile-2\/#primaryimage"},"image":{"@id":"https:\/\/www.neuillysurmarne.fr\/evenements\/marche-nordique-au-parc-de-la-haute-ile-2\/#primaryimage"},"thumbnailUrl":"https:\/\/www.neuillysurmarne.fr\/wp-content\/uploads\/2026\/03\/Image-site-A-la-Une-28.png","datePublished":"2026-03-31T12:37:45+00:00","dateModified":"2026-03-31T12:41:27+00:00","breadcrumb":{"@id":"https:\/\/www.neuillysurmarne.fr\/evenements\/marche-nordique-au-parc-de-la-haute-ile-2\/#breadcrumb"},"inLanguage":"it-IT","potentialAction":[{"@type":"ReadAction","target":["https:\/\/www.neuillysurmarne.fr\/evenements\/marche-nordique-au-parc-de-la-haute-ile-2\/"]}]},{"@type":"ImageObject","inLanguage":"it-IT","@id":"https:\/\/www.neuillysurmarne.fr\/evenements\/marche-nordique-au-parc-de-la-haute-ile-2\/#primaryimage","url":"https:\/\/www.neuillysurmarne.fr\/wp-content\/uploads\/2026\/03\/Image-site-A-la-Une-28.png","contentUrl":"https:\/\/www.neuillysurmarne.fr\/wp-content\/uploads\/2026\/03\/Image-site-A-la-Une-28.png","width":1200,"height":480},{"@type":"BreadcrumbList","@id":"https:\/\/www.neuillysurmarne.fr\/evenements\/marche-nordique-au-parc-de-la-haute-ile-2\/#breadcrumb","itemListElement":[{"@type":"ListItem","position":1,"name":"Accueil","item":"https:\/\/www.neuillysurmarne.fr\/"},{"@type":"ListItem","position":2,"name":"Marche nordique au parc de la Haute-Île"}]},{"@type":"WebSite","@id":"https:\/\/www.neuillysurmarne.fr\/es\/#website","url":"https:\/\/www.neuillysurmarne.fr\/es\/","name":"Mairie de Neuilly-sur-Marne","description":"BETA","publisher":{"@id":"https:\/\/www.neuillysurmarne.fr\/es\/#organization"},"potentialAction":[{"@type":"SearchAction","target":{"@type":"EntryPoint","urlTemplate":"https:\/\/www.neuillysurmarne.fr\/es\/?s={search_term_string}"},"query-input":{"@type":"PropertyValueSpecification","valueRequired":true,"valueName":"search_term_string"}}],"inLanguage":"it-IT"},{"@type":"Organization","@id":"https:\/\/www.neuillysurmarne.fr\/es\/#organization","name":"Mairie de Neuilly-sur-Marne","url":"https:\/\/www.neuillysurmarne.fr\/es\/","logo":{"@type":"ImageObject","inLanguage":"it-IT","@id":"https:\/\/www.neuillysurmarne.fr\/es\/#\/schema\/logo\/image\/","url":"https:\/\/www.neuillysurmarne.fr\/wp-content\/uploads\/2023\/10\/LOGO-NeuillysurMarne-blanc.png","contentUrl":"https:\/\/www.neuillysurmarne.fr\/wp-content\/uploads\/2023\/10\/LOGO-NeuillysurMarne-blanc.png","width":3308,"height":2586,"caption":"Mairie de Neuilly-sur-Marne"},"image":{"@id":"https:\/\/www.neuillysurmarne.fr\/es\/#\/schema\/logo\/image\/"},"sameAs":["https:\/\/www.facebook.com\/ville.neuilly","https:\/\/www.instagram.com\/neuilly_marne\/","https:\/\/www.linkedin.com\/company\/ville-de-neuilly-sur-marne\/","https:\/\/www.youtube.com\/channel\/UCDdZ0TLrV8rfIqjBGvoeB5A","https:\/\/www.tiktok.com\/@villedeneuillysurmarne"]}]}</script>
<!-- / Yoast SEO plugin. -->

Marche nordique au parc de la Haute-Île - Mairie de Neuilly-sur-Marne

Sport MARCHE NORDIQUE Dimanche 10 mai de 10h à 12h Parc de la Haute-Île Initiez‑vous à la marche nordique et découvrez une pratique sportive complète et accessible à tous. Le parcours permet de profiter des paysages du parc tout en travaillant respiration, posture et mobilité. Prêt de bâtons possibles auprès des animateurs. RDV sur le [&hellip;]
