{"id":1051,"date":"2023-11-17T16:51:01","date_gmt":"2023-11-17T15:51:01","guid":{"rendered":"https:\/\/www.neuillysurmarne.fr\/?page_id=1051"},"modified":"2024-03-01T15:33:05","modified_gmt":"2024-03-01T14:33:05","slug":"ecole-elementaire-louis-pasteur","status":"publish","type":"page","link":"https:\/\/www.neuillysurmarne.fr\/nl\/ecole-elementaire-louis-pasteur\/","title":{"rendered":"Louis Pasteur basisscholen"},"content":{"rendered":"<div class=\"content-header-wrap no-thumbnail\">\n<div class=\"informations\">\n<div class=\"postalAddress\">\n<div>\n<h2>Presentatie<\/h2>\n<\/div>\n<div class=\"destinataire\">Louis Pasteur basisscholen,<\/div>\n<div class=\"streetAddress\">4 rue Abel Tuffier,<\/div>\n<p><a class=\"postal-address-link\" title=\"Open het adres in Google Maps\" href=\"https:\/\/maps.google.fr\/?q=%C3%89cole+%C3%A9l%C3%A9mentaire+Louis+Pasteur%2C+4+rue+Abel+Tuffier%2C+93330+Neuilly-sur-Marne\" target=\"_blank\" rel=\"noopener\"><span class=\"postalCode\">93330<\/span>\u00a0<span class=\"addressLocality\">Neuilly-sur-Marne<\/span><\/a><\/p>\n<\/div>\n<p><span class=\"telephone\">01 43 08 13 87<\/span><br \/>\n<a class=\"email\" href=\"mailto:ce.0930994a@ac-creteil.fr\">ce.0930994a@ac-creteil.fr<\/a><\/p>\n<div class=\"person\"><span class=\"honorificPrefix\">Mevrouw.<\/span>\u00a0<span class=\"familyName\">DEON<\/span><\/div>\n<\/div>\n<\/div>\n<p><strong>Ontvangst 's ochtends :<br \/>\nOpvangcentrum Pr\u00e9 Fleuri<\/strong><br \/>\nVoorwaarde voor het openen van kinderopvang in de ochtend op basisscholen is dat er minimaal 12 kinderen aanwezig zijn.<br \/>\nEen team van gemeentepersoneel verwelkomt de kinderen vanaf 7.00 uur en begeleidt ze om 8.30 uur naar school.<\/p>\n<p><strong>Schoolmaaltijden :<\/strong><br \/>\nSchoolmaaltijden zijn beschikbaar van 11.30 tot 13.30 uur. Kinderen worden opgevangen door een team van lokale medewerkers.<br \/>\nEen schoolcatering charter beschrijft in detail hoe de activiteit werkt en welke regels gerespecteerd moeten worden.<\/p>\n<p><strong>Onderzoek:<\/strong><br \/>\nDe studieperiode duurt van 16.30 tot 18.00 uur. Tot 17.00 uur is er pauze en zijn er tussendoortjes (gezinnen moeten voor tussendoortjes zorgen). Van 17.00 tot 18.00 uur kunnen de kinderen onder toezicht aan hun lessen werken.<\/p>\n<h2>Capaciteit<\/h2>\n<p>Aantal leerlingen: 367<br \/>\nAantal lessen: 15<br \/>\nGemiddeld aantal leerlingen per klas: 24<\/p>","protected":false},"excerpt":{"rendered":"<p>Pr\u00e9sentation \u00c9cole \u00e9l\u00e9mentaire Louis Pasteur, 4 rue Abel Tuffier, 93330\u00a0Neuilly-sur-Marne 01 43 08 13 87 ce.0930994a@ac-creteil.fr Mme\u00a0DEON Accueil du matin : Lieu de l\u2019accueil Centre du Pr\u00e9 Fleuri L\u2019ouverture de l\u2019accueil du matin en \u00e9l\u00e9mentaire est conditionn\u00e9 \u00e0 un engagement de fr\u00e9quentation d\u2019au moins 12 enfants. Une \u00e9quipe d\u2019animation municipale accueille les enfants \u00e0 partir [&hellip;]<\/p>\n","protected":false},"author":1,"featured_media":0,"parent":0,"menu_order":0,"comment_status":"closed","ping_status":"closed","template":"","meta":{"_acf_changed":false,"footnotes":""},"class_list":["post-1051","page","type-page","status-publish","hentry"],"acf":[],"yoast_head":"<!-- This site is optimized with the Yoast SEO plugin v27.4 - https:\/\/yoast.com\/product\/yoast-seo-wordpress\/ -->\n<title>\u00c9cole \u00e9l\u00e9mentaire Louis Pasteur - Mairie de Neuilly-sur-Marne<\/title>\n<meta name=\"robots\" content=\"index, follow, max-snippet:-1, max-image-preview:large, max-video-preview:-1\" \/>\n<link rel=\"canonical\" href=\"https:\/\/www.neuillysurmarne.fr\/nl\/ecole-elementaire-louis-pasteur\/\" \/>\n<meta property=\"og:locale\" content=\"nl_NL\" \/>\n<meta property=\"og:type\" content=\"article\" \/>\n<meta property=\"og:title\" content=\"\u00c9cole \u00e9l\u00e9mentaire Louis Pasteur - Mairie de Neuilly-sur-Marne\" \/>\n<meta property=\"og:description\" content=\"Pr\u00e9sentation \u00c9cole \u00e9l\u00e9mentaire Louis Pasteur, 4 rue Abel Tuffier, 93330\u00a0Neuilly-sur-Marne 01 43 08 13 87 ce.0930994a@ac-creteil.fr Mme\u00a0DEON Accueil du matin : Lieu de l\u2019accueil Centre du Pr\u00e9 Fleuri L\u2019ouverture de l\u2019accueil du matin en \u00e9l\u00e9mentaire est conditionn\u00e9 \u00e0 un engagement de fr\u00e9quentation d\u2019au moins 12 enfants. Une \u00e9quipe d\u2019animation municipale accueille les enfants \u00e0 partir [&hellip;]\" \/>\n<meta property=\"og:url\" content=\"https:\/\/www.neuillysurmarne.fr\/nl\/ecole-elementaire-louis-pasteur\/\" \/>\n<meta property=\"og:site_name\" content=\"Mairie de Neuilly-sur-Marne\" \/>\n<meta property=\"article:publisher\" content=\"https:\/\/www.facebook.com\/ville.neuilly\" \/>\n<meta property=\"article:modified_time\" content=\"2024-03-01T14:33:05+00:00\" \/>\n<meta name=\"twitter:card\" content=\"summary_large_image\" \/>\n<meta name=\"twitter:label1\" content=\"Geschatte leestijd\" \/>\n\t<meta name=\"twitter:data1\" content=\"1 minuut\" \/>\n<script type=\"application\/ld+json\" class=\"yoast-schema-graph\">{\"@context\":\"https:\\\/\\\/schema.org\",\"@graph\":[{\"@type\":\"WebPage\",\"@id\":\"https:\\\/\\\/www.neuillysurmarne.fr\\\/ecole-elementaire-louis-pasteur\\\/\",\"url\":\"https:\\\/\\\/www.neuillysurmarne.fr\\\/ecole-elementaire-louis-pasteur\\\/\",\"name\":\"\u00c9cole \u00e9l\u00e9mentaire Louis Pasteur - Mairie de Neuilly-sur-Marne\",\"isPartOf\":{\"@id\":\"https:\\\/\\\/www.neuillysurmarne.fr\\\/es\\\/#website\"},\"datePublished\":\"2023-11-17T15:51:01+00:00\",\"dateModified\":\"2024-03-01T14:33:05+00:00\",\"breadcrumb\":{\"@id\":\"https:\\\/\\\/www.neuillysurmarne.fr\\\/ecole-elementaire-louis-pasteur\\\/#breadcrumb\"},\"inLanguage\":\"nl-NL\",\"potentialAction\":[{\"@type\":\"ReadAction\",\"target\":[\"https:\\\/\\\/www.neuillysurmarne.fr\\\/ecole-elementaire-louis-pasteur\\\/\"]}]},{\"@type\":\"BreadcrumbList\",\"@id\":\"https:\\\/\\\/www.neuillysurmarne.fr\\\/ecole-elementaire-louis-pasteur\\\/#breadcrumb\",\"itemListElement\":[{\"@type\":\"ListItem\",\"position\":1,\"name\":\"Accueil\",\"item\":\"https:\\\/\\\/www.neuillysurmarne.fr\\\/\"},{\"@type\":\"ListItem\",\"position\":2,\"name\":\"\u00c9cole \u00e9l\u00e9mentaire Louis Pasteur\"}]},{\"@type\":\"WebSite\",\"@id\":\"https:\\\/\\\/www.neuillysurmarne.fr\\\/es\\\/#website\",\"url\":\"https:\\\/\\\/www.neuillysurmarne.fr\\\/es\\\/\",\"name\":\"Mairie de Neuilly-sur-Marne\",\"description\":\"BETA\",\"publisher\":{\"@id\":\"https:\\\/\\\/www.neuillysurmarne.fr\\\/es\\\/#organization\"},\"potentialAction\":[{\"@type\":\"SearchAction\",\"target\":{\"@type\":\"EntryPoint\",\"urlTemplate\":\"https:\\\/\\\/www.neuillysurmarne.fr\\\/es\\\/?s={search_term_string}\"},\"query-input\":{\"@type\":\"PropertyValueSpecification\",\"valueRequired\":true,\"valueName\":\"search_term_string\"}}],\"inLanguage\":\"nl-NL\"},{\"@type\":\"Organization\",\"@id\":\"https:\\\/\\\/www.neuillysurmarne.fr\\\/es\\\/#organization\",\"name\":\"Mairie de Neuilly-sur-Marne\",\"url\":\"https:\\\/\\\/www.neuillysurmarne.fr\\\/es\\\/\",\"logo\":{\"@type\":\"ImageObject\",\"inLanguage\":\"nl-NL\",\"@id\":\"https:\\\/\\\/www.neuillysurmarne.fr\\\/es\\\/#\\\/schema\\\/logo\\\/image\\\/\",\"url\":\"https:\\\/\\\/www.neuillysurmarne.fr\\\/wp-content\\\/uploads\\\/2023\\\/10\\\/LOGO-NeuillysurMarne-blanc.png\",\"contentUrl\":\"https:\\\/\\\/www.neuillysurmarne.fr\\\/wp-content\\\/uploads\\\/2023\\\/10\\\/LOGO-NeuillysurMarne-blanc.png\",\"width\":3308,\"height\":2586,\"caption\":\"Mairie de Neuilly-sur-Marne\"},\"image\":{\"@id\":\"https:\\\/\\\/www.neuillysurmarne.fr\\\/es\\\/#\\\/schema\\\/logo\\\/image\\\/\"},\"sameAs\":[\"https:\\\/\\\/www.facebook.com\\\/ville.neuilly\",\"https:\\\/\\\/www.instagram.com\\\/neuilly_marne\\\/\",\"https:\\\/\\\/www.linkedin.com\\\/company\\\/ville-de-neuilly-sur-marne\\\/\",\"https:\\\/\\\/www.youtube.com\\\/channel\\\/UCDdZ0TLrV8rfIqjBGvoeB5A\",\"https:\\\/\\\/www.tiktok.com\\\/@villedeneuillysurmarne\"]}]}<\/script>\n<!-- \/ Yoast SEO plugin. -->","yoast_head_json":{"title":"\u00c9cole \u00e9l\u00e9mentaire Louis Pasteur - Mairie de Neuilly-sur-Marne","robots":{"index":"index","follow":"follow","max-snippet":"max-snippet:-1","max-image-preview":"max-image-preview:large","max-video-preview":"max-video-preview:-1"},"canonical":"https:\/\/www.neuillysurmarne.fr\/nl\/ecole-elementaire-louis-pasteur\/","og_locale":"nl_NL","og_type":"article","og_title":"\u00c9cole \u00e9l\u00e9mentaire Louis Pasteur - Mairie de Neuilly-sur-Marne","og_description":"Pr\u00e9sentation \u00c9cole \u00e9l\u00e9mentaire Louis Pasteur, 4 rue Abel Tuffier, 93330\u00a0Neuilly-sur-Marne 01 43 08 13 87 ce.0930994a@ac-creteil.fr Mme\u00a0DEON Accueil du matin : Lieu de l\u2019accueil Centre du Pr\u00e9 Fleuri L\u2019ouverture de l\u2019accueil du matin en \u00e9l\u00e9mentaire est conditionn\u00e9 \u00e0 un engagement de fr\u00e9quentation d\u2019au moins 12 enfants. Une \u00e9quipe d\u2019animation municipale accueille les enfants \u00e0 partir [&hellip;]","og_url":"https:\/\/www.neuillysurmarne.fr\/nl\/ecole-elementaire-louis-pasteur\/","og_site_name":"Mairie de Neuilly-sur-Marne","article_publisher":"https:\/\/www.facebook.com\/ville.neuilly","article_modified_time":"2024-03-01T14:33:05+00:00","twitter_card":"summary_large_image","twitter_misc":{"Geschatte leestijd":"1 minuut"},"schema":{"@context":"https:\/\/schema.org","@graph":[{"@type":"WebPage","@id":"https:\/\/www.neuillysurmarne.fr\/ecole-elementaire-louis-pasteur\/","url":"https:\/\/www.neuillysurmarne.fr\/ecole-elementaire-louis-pasteur\/","name":"\u00c9cole \u00e9l\u00e9mentaire Louis Pasteur - Mairie de Neuilly-sur-Marne","isPartOf":{"@id":"https:\/\/www.neuillysurmarne.fr\/es\/#website"},"datePublished":"2023-11-17T15:51:01+00:00","dateModified":"2024-03-01T14:33:05+00:00","breadcrumb":{"@id":"https:\/\/www.neuillysurmarne.fr\/ecole-elementaire-louis-pasteur\/#breadcrumb"},"inLanguage":"nl-NL","potentialAction":[{"@type":"ReadAction","target":["https:\/\/www.neuillysurmarne.fr\/ecole-elementaire-louis-pasteur\/"]}]},{"@type":"BreadcrumbList","@id":"https:\/\/www.neuillysurmarne.fr\/ecole-elementaire-louis-pasteur\/#breadcrumb","itemListElement":[{"@type":"ListItem","position":1,"name":"Accueil","item":"https:\/\/www.neuillysurmarne.fr\/"},{"@type":"ListItem","position":2,"name":"\u00c9cole \u00e9l\u00e9mentaire Louis Pasteur"}]},{"@type":"WebSite","@id":"https:\/\/www.neuillysurmarne.fr\/es\/#website","url":"https:\/\/www.neuillysurmarne.fr\/es\/","name":"Stadhuis van Neuilly-sur-Marne","description":"BETA","publisher":{"@id":"https:\/\/www.neuillysurmarne.fr\/es\/#organization"},"potentialAction":[{"@type":"SearchAction","target":{"@type":"EntryPoint","urlTemplate":"https:\/\/www.neuillysurmarne.fr\/es\/?s={search_term_string}"},"query-input":{"@type":"PropertyValueSpecification","valueRequired":true,"valueName":"search_term_string"}}],"inLanguage":"nl-NL"},{"@type":"Organization","@id":"https:\/\/www.neuillysurmarne.fr\/es\/#organization","name":"Stadhuis van Neuilly-sur-Marne","url":"https:\/\/www.neuillysurmarne.fr\/es\/","logo":{"@type":"ImageObject","inLanguage":"nl-NL","@id":"https:\/\/www.neuillysurmarne.fr\/es\/#\/schema\/logo\/image\/","url":"https:\/\/www.neuillysurmarne.fr\/wp-content\/uploads\/2023\/10\/LOGO-NeuillysurMarne-blanc.png","contentUrl":"https:\/\/www.neuillysurmarne.fr\/wp-content\/uploads\/2023\/10\/LOGO-NeuillysurMarne-blanc.png","width":3308,"height":2586,"caption":"Mairie de Neuilly-sur-Marne"},"image":{"@id":"https:\/\/www.neuillysurmarne.fr\/es\/#\/schema\/logo\/image\/"},"sameAs":["https:\/\/www.facebook.com\/ville.neuilly","https:\/\/www.instagram.com\/neuilly_marne\/","https:\/\/www.linkedin.com\/company\/ville-de-neuilly-sur-marne\/","https:\/\/www.youtube.com\/channel\/UCDdZ0TLrV8rfIqjBGvoeB5A","https:\/\/www.tiktok.com\/@villedeneuillysurmarne"]}]}},"_links":{"self":[{"href":"https:\/\/www.neuillysurmarne.fr\/nl\/wp-json\/wp\/v2\/pages\/1051","targetHints":{"allow":["GET"]}}],"collection":[{"href":"https:\/\/www.neuillysurmarne.fr\/nl\/wp-json\/wp\/v2\/pages"}],"about":[{"href":"https:\/\/www.neuillysurmarne.fr\/nl\/wp-json\/wp\/v2\/types\/page"}],"author":[{"embeddable":true,"href":"https:\/\/www.neuillysurmarne.fr\/nl\/wp-json\/wp\/v2\/users\/1"}],"replies":[{"embeddable":true,"href":"https:\/\/www.neuillysurmarne.fr\/nl\/wp-json\/wp\/v2\/comments?post=1051"}],"version-history":[{"count":3,"href":"https:\/\/www.neuillysurmarne.fr\/nl\/wp-json\/wp\/v2\/pages\/1051\/revisions"}],"predecessor-version":[{"id":5233,"href":"https:\/\/www.neuillysurmarne.fr\/nl\/wp-json\/wp\/v2\/pages\/1051\/revisions\/5233"}],"wp:attachment":[{"href":"https:\/\/www.neuillysurmarne.fr\/nl\/wp-json\/wp\/v2\/media?parent=1051"}],"curies":[{"name":"wp","href":"https:\/\/api.w.org\/{rel}","templated":true}]}}

<div class="content-header-wrap no-thumbnail">
<div class="informations">
<div class="postalAddress">
<div>
<h2>Presentatie</h2>
</div>
<div class="destinataire">Louis Pasteur basisscholen,</div>
<div class="streetAddress">4 rue Abel Tuffier,</div>
<p><a class="postal-address-link" title="Open het adres in Google Maps" href="https://maps.google.fr/?q=%C3%89cole+%C3%A9l%C3%A9mentaire+Louis+Pasteur%2C+4+rue+Abel+Tuffier%2C+93330+Neuilly-sur-Marne" target="_blank" rel="noopener"><span class="postalCode">93330</span> <span class="addressLocality">Neuilly-sur-Marne</span></a></p>
</div>
<p><span class="telephone">01 43 08 13 87</span><br />
<a class="email" href="mailto:ce.0930994a@ac-creteil.fr">ce.0930994a@ac-creteil.fr</a></p>
<div class="person"><span class="honorificPrefix">Mevrouw.</span> <span class="familyName">DEON</span></div>
</div>
</div>
<p><strong>Ontvangst 's ochtends :<br />
Opvangcentrum Pré Fleuri</strong><br />
Voorwaarde voor het openen van kinderopvang in de ochtend op basisscholen is dat er minimaal 12 kinderen aanwezig zijn.<br />
Een team van gemeentepersoneel verwelkomt de kinderen vanaf 7.00 uur en begeleidt ze om 8.30 uur naar school.</p>
<p><strong>Schoolmaaltijden :</strong><br />
Schoolmaaltijden zijn beschikbaar van 11.30 tot 13.30 uur. Kinderen worden opgevangen door een team van lokale medewerkers.<br />
Een schoolcatering charter beschrijft in detail hoe de activiteit werkt en welke regels gerespecteerd moeten worden.</p>
<p><strong>Onderzoek:</strong><br />
De studieperiode duurt van 16.30 tot 18.00 uur. Tot 17.00 uur is er pauze en zijn er tussendoortjes (gezinnen moeten voor tussendoortjes zorgen). Van 17.00 tot 18.00 uur kunnen de kinderen onder toezicht aan hun lessen werken.</p>
<h2>Capaciteit</h2>
<p>Aantal leerlingen: 367<br />
Aantal lessen: 15<br />
Gemiddeld aantal leerlingen per klas: 24</p>

<p>Présentation École élémentaire Louis Pasteur, 4 rue Abel Tuffier, 93330 Neuilly-sur-Marne 01 43 08 13 87 ce.0930994a@ac-creteil.fr Mme DEON Accueil du matin : Lieu de l’accueil Centre du Pré Fleuri L’ouverture de l’accueil du matin en élémentaire est conditionné à un engagement de fréquentation d’au moins 12 enfants. Une équipe d’animation municipale accueille les enfants à partir [&hellip;]</p>

<!-- This site is optimized with the Yoast SEO plugin v27.4 - https://yoast.com/product/yoast-seo-wordpress/ -->
<title>École élémentaire Louis Pasteur - Mairie de Neuilly-sur-Marne</title>
<meta name="robots" content="index, follow, max-snippet:-1, max-image-preview:large, max-video-preview:-1" />
<link rel="canonical" href="https://www.neuillysurmarne.fr/nl/ecole-elementaire-louis-pasteur/" />
<meta property="og:locale" content="nl_NL" />
<meta property="og:type" content="article" />
<meta property="og:title" content="École élémentaire Louis Pasteur - Mairie de Neuilly-sur-Marne" />
<meta property="og:description" content="Présentation École élémentaire Louis Pasteur, 4 rue Abel Tuffier, 93330 Neuilly-sur-Marne 01 43 08 13 87 ce.0930994a@ac-creteil.fr Mme DEON Accueil du matin : Lieu de l’accueil Centre du Pré Fleuri L’ouverture de l’accueil du matin en élémentaire est conditionné à un engagement de fréquentation d’au moins 12 enfants. Une équipe d’animation municipale accueille les enfants à partir [&hellip;]" />
<meta property="og:url" content="https://www.neuillysurmarne.fr/nl/ecole-elementaire-louis-pasteur/" />
<meta property="og:site_name" content="Mairie de Neuilly-sur-Marne" />
<meta property="article:publisher" content="https://www.facebook.com/ville.neuilly" />
<meta property="article:modified_time" content="2024-03-01T14:33:05+00:00" />
<meta name="twitter:card" content="summary_large_image" />
<meta name="twitter:label1" content="Geschatte leestijd" />
	<meta name="twitter:data1" content="1 minuut" />
<script type="application/ld+json" class="yoast-schema-graph">{"@context":"https:\/\/schema.org","@graph":[{"@type":"WebPage","@id":"https:\/\/www.neuillysurmarne.fr\/ecole-elementaire-louis-pasteur\/","url":"https:\/\/www.neuillysurmarne.fr\/ecole-elementaire-louis-pasteur\/","name":"École élémentaire Louis Pasteur - Mairie de Neuilly-sur-Marne","isPartOf":{"@id":"https:\/\/www.neuillysurmarne.fr\/es\/#website"},"datePublished":"2023-11-17T15:51:01+00:00","dateModified":"2024-03-01T14:33:05+00:00","breadcrumb":{"@id":"https:\/\/www.neuillysurmarne.fr\/ecole-elementaire-louis-pasteur\/#breadcrumb"},"inLanguage":"nl-NL","potentialAction":[{"@type":"ReadAction","target":["https:\/\/www.neuillysurmarne.fr\/ecole-elementaire-louis-pasteur\/"]}]},{"@type":"BreadcrumbList","@id":"https:\/\/www.neuillysurmarne.fr\/ecole-elementaire-louis-pasteur\/#breadcrumb","itemListElement":[{"@type":"ListItem","position":1,"name":"Accueil","item":"https:\/\/www.neuillysurmarne.fr\/"},{"@type":"ListItem","position":2,"name":"École élémentaire Louis Pasteur"}]},{"@type":"WebSite","@id":"https:\/\/www.neuillysurmarne.fr\/es\/#website","url":"https:\/\/www.neuillysurmarne.fr\/es\/","name":"Mairie de Neuilly-sur-Marne","description":"BETA","publisher":{"@id":"https:\/\/www.neuillysurmarne.fr\/es\/#organization"},"potentialAction":[{"@type":"SearchAction","target":{"@type":"EntryPoint","urlTemplate":"https:\/\/www.neuillysurmarne.fr\/es\/?s={search_term_string}"},"query-input":{"@type":"PropertyValueSpecification","valueRequired":true,"valueName":"search_term_string"}}],"inLanguage":"nl-NL"},{"@type":"Organization","@id":"https:\/\/www.neuillysurmarne.fr\/es\/#organization","name":"Mairie de Neuilly-sur-Marne","url":"https:\/\/www.neuillysurmarne.fr\/es\/","logo":{"@type":"ImageObject","inLanguage":"nl-NL","@id":"https:\/\/www.neuillysurmarne.fr\/es\/#\/schema\/logo\/image\/","url":"https:\/\/www.neuillysurmarne.fr\/wp-content\/uploads\/2023\/10\/LOGO-NeuillysurMarne-blanc.png","contentUrl":"https:\/\/www.neuillysurmarne.fr\/wp-content\/uploads\/2023\/10\/LOGO-NeuillysurMarne-blanc.png","width":3308,"height":2586,"caption":"Mairie de Neuilly-sur-Marne"},"image":{"@id":"https:\/\/www.neuillysurmarne.fr\/es\/#\/schema\/logo\/image\/"},"sameAs":["https:\/\/www.facebook.com\/ville.neuilly","https:\/\/www.instagram.com\/neuilly_marne\/","https:\/\/www.linkedin.com\/company\/ville-de-neuilly-sur-marne\/","https:\/\/www.youtube.com\/channel\/UCDdZ0TLrV8rfIqjBGvoeB5A","https:\/\/www.tiktok.com\/@villedeneuillysurmarne"]}]}</script>
<!-- / Yoast SEO plugin. -->

École élémentaire Louis Pasteur - Mairie de Neuilly-sur-Marne

Présentation École élémentaire Louis Pasteur, 4 rue Abel Tuffier, 93330 Neuilly-sur-Marne 01 43 08 13 87 ce.0930994a@ac-creteil.fr Mme DEON Accueil du matin : Lieu de l’accueil Centre du Pré Fleuri L’ouverture de l’accueil du matin en élémentaire est conditionné à un engagement de fréquentation d’au moins 12 enfants. Une équipe d’animation municipale accueille les enfants à partir [&hellip;]

École élémentaire Louis Pasteur
