{"id":17744,"date":"2026-03-31T16:10:00","date_gmt":"2026-03-31T14:10:00","guid":{"rendered":"https:\/\/www.neuillysurmarne.fr\/?post_type=evenements&#038;p=17744"},"modified":"2026-03-31T16:10:00","modified_gmt":"2026-03-31T14:10:00","slug":"le-mesolithique-a-larcheosite-de-la-haute-ile-2","status":"publish","type":"evenements","link":"https:\/\/www.neuillysurmarne.fr\/pt\/evenements\/le-mesolithique-a-larcheosite-de-la-haute-ile-2\/","title":{"rendered":"Le M\u00e9solithique \u00e0 l&rsquo;Arch\u00e9osite de la Haute-\u00cele"},"content":{"rendered":"<h3><strong>D\u00e9couverte<\/strong><\/h3>\n<h3><strong>LE M\u00c9SOLITHIQUE<\/strong><\/h3>\n<p><strong>Dimanche 7 juin de 13h30 \u00e0 18h<\/strong><br \/>\n<strong>Arch\u00e9osite de la Haute-\u00cele<\/strong><\/p>\n<p>Quels \u00e9taient les modes de vie et les techniques utilis\u00e9s par les premiers visiteurs de la Haute-\u00cele ? Un certain nombre de gestes essentiels de la Pr\u00e9histoire vous seront r\u00e9v\u00e9l\u00e9s afin que vous puissiez vous entra\u00eener \u00e0 les reproduire.<br \/>\nAvec les m\u00e9diateur\u00b7rice\u00b7s de l&rsquo;Arch\u00e9osite.<\/p>\n<p>\u00c0 partir de 8 ans, inscription conseill\u00e9e sur exploreparis.com<\/p>","protected":false},"featured_media":14746,"template":"","categorie-evenement":[228],"class_list":["post-17744","evenements","type-evenements","status-publish","has-post-thumbnail","hentry","categorie-evenement-animation"],"acf":[],"yoast_head":"<!-- This site is optimized with the Yoast SEO plugin v27.4 - https:\/\/yoast.com\/product\/yoast-seo-wordpress\/ -->\n<title>Le M\u00e9solithique \u00e0 l&#039;Arch\u00e9osite de la Haute-\u00cele - Mairie de Neuilly-sur-Marne<\/title>\n<meta name=\"robots\" content=\"index, follow, max-snippet:-1, max-image-preview:large, max-video-preview:-1\" \/>\n<link rel=\"canonical\" href=\"https:\/\/www.neuillysurmarne.fr\/pt\/evenements\/le-mesolithique-a-larcheosite-de-la-haute-ile-2\/\" \/>\n<meta property=\"og:locale\" content=\"pt_PT\" \/>\n<meta property=\"og:type\" content=\"article\" \/>\n<meta property=\"og:title\" content=\"Le M\u00e9solithique \u00e0 l&#039;Arch\u00e9osite de la Haute-\u00cele - Mairie de Neuilly-sur-Marne\" \/>\n<meta property=\"og:description\" content=\"D\u00e9couverte LE M\u00c9SOLITHIQUE Dimanche 7 juin de 13h30 \u00e0 18h Arch\u00e9osite de la Haute-\u00cele Quels \u00e9taient les modes de vie et les techniques utilis\u00e9s par les premiers visiteurs de la Haute-\u00cele ? Un certain nombre de gestes essentiels de la Pr\u00e9histoire vous seront r\u00e9v\u00e9l\u00e9s afin que vous puissiez vous entra\u00eener \u00e0 les reproduire. Avec les [&hellip;]\" \/>\n<meta property=\"og:url\" content=\"https:\/\/www.neuillysurmarne.fr\/pt\/evenements\/le-mesolithique-a-larcheosite-de-la-haute-ile-2\/\" \/>\n<meta property=\"og:site_name\" content=\"Mairie de Neuilly-sur-Marne\" \/>\n<meta property=\"article:publisher\" content=\"https:\/\/www.facebook.com\/ville.neuilly\" \/>\n<meta property=\"og:image\" content=\"https:\/\/www.neuillysurmarne.fr\/wp-content\/uploads\/2025\/03\/Image-site-A-la-Une-11.png\" \/>\n\t<meta property=\"og:image:width\" content=\"1200\" \/>\n\t<meta property=\"og:image:height\" content=\"480\" \/>\n\t<meta property=\"og:image:type\" content=\"image\/png\" \/>\n<meta name=\"twitter:card\" content=\"summary_large_image\" \/>\n<meta name=\"twitter:label1\" content=\"Tempo estimado de leitura\" \/>\n\t<meta name=\"twitter:data1\" content=\"1 minuto\" \/>\n<script type=\"application\/ld+json\" class=\"yoast-schema-graph\">{\"@context\":\"https:\\\/\\\/schema.org\",\"@graph\":[{\"@type\":\"WebPage\",\"@id\":\"https:\\\/\\\/www.neuillysurmarne.fr\\\/evenements\\\/le-mesolithique-a-larcheosite-de-la-haute-ile-2\\\/\",\"url\":\"https:\\\/\\\/www.neuillysurmarne.fr\\\/evenements\\\/le-mesolithique-a-larcheosite-de-la-haute-ile-2\\\/\",\"name\":\"Le M\u00e9solithique \u00e0 l'Arch\u00e9osite de la Haute-\u00cele - Mairie de Neuilly-sur-Marne\",\"isPartOf\":{\"@id\":\"https:\\\/\\\/www.neuillysurmarne.fr\\\/es\\\/#website\"},\"primaryImageOfPage\":{\"@id\":\"https:\\\/\\\/www.neuillysurmarne.fr\\\/evenements\\\/le-mesolithique-a-larcheosite-de-la-haute-ile-2\\\/#primaryimage\"},\"image\":{\"@id\":\"https:\\\/\\\/www.neuillysurmarne.fr\\\/evenements\\\/le-mesolithique-a-larcheosite-de-la-haute-ile-2\\\/#primaryimage\"},\"thumbnailUrl\":\"https:\\\/\\\/www.neuillysurmarne.fr\\\/wp-content\\\/uploads\\\/2025\\\/03\\\/Image-site-A-la-Une-11.png\",\"datePublished\":\"2026-03-31T14:10:00+00:00\",\"breadcrumb\":{\"@id\":\"https:\\\/\\\/www.neuillysurmarne.fr\\\/evenements\\\/le-mesolithique-a-larcheosite-de-la-haute-ile-2\\\/#breadcrumb\"},\"inLanguage\":\"pt-PT\",\"potentialAction\":[{\"@type\":\"ReadAction\",\"target\":[\"https:\\\/\\\/www.neuillysurmarne.fr\\\/evenements\\\/le-mesolithique-a-larcheosite-de-la-haute-ile-2\\\/\"]}]},{\"@type\":\"ImageObject\",\"inLanguage\":\"pt-PT\",\"@id\":\"https:\\\/\\\/www.neuillysurmarne.fr\\\/evenements\\\/le-mesolithique-a-larcheosite-de-la-haute-ile-2\\\/#primaryimage\",\"url\":\"https:\\\/\\\/www.neuillysurmarne.fr\\\/wp-content\\\/uploads\\\/2025\\\/03\\\/Image-site-A-la-Une-11.png\",\"contentUrl\":\"https:\\\/\\\/www.neuillysurmarne.fr\\\/wp-content\\\/uploads\\\/2025\\\/03\\\/Image-site-A-la-Une-11.png\",\"width\":1200,\"height\":480},{\"@type\":\"BreadcrumbList\",\"@id\":\"https:\\\/\\\/www.neuillysurmarne.fr\\\/evenements\\\/le-mesolithique-a-larcheosite-de-la-haute-ile-2\\\/#breadcrumb\",\"itemListElement\":[{\"@type\":\"ListItem\",\"position\":1,\"name\":\"Accueil\",\"item\":\"https:\\\/\\\/www.neuillysurmarne.fr\\\/\"},{\"@type\":\"ListItem\",\"position\":2,\"name\":\"Le M\u00e9solithique \u00e0 l&rsquo;Arch\u00e9osite de la Haute-\u00cele\"}]},{\"@type\":\"WebSite\",\"@id\":\"https:\\\/\\\/www.neuillysurmarne.fr\\\/es\\\/#website\",\"url\":\"https:\\\/\\\/www.neuillysurmarne.fr\\\/es\\\/\",\"name\":\"Mairie de Neuilly-sur-Marne\",\"description\":\"BETA\",\"publisher\":{\"@id\":\"https:\\\/\\\/www.neuillysurmarne.fr\\\/es\\\/#organization\"},\"potentialAction\":[{\"@type\":\"SearchAction\",\"target\":{\"@type\":\"EntryPoint\",\"urlTemplate\":\"https:\\\/\\\/www.neuillysurmarne.fr\\\/es\\\/?s={search_term_string}\"},\"query-input\":{\"@type\":\"PropertyValueSpecification\",\"valueRequired\":true,\"valueName\":\"search_term_string\"}}],\"inLanguage\":\"pt-PT\"},{\"@type\":\"Organization\",\"@id\":\"https:\\\/\\\/www.neuillysurmarne.fr\\\/es\\\/#organization\",\"name\":\"Mairie de Neuilly-sur-Marne\",\"url\":\"https:\\\/\\\/www.neuillysurmarne.fr\\\/es\\\/\",\"logo\":{\"@type\":\"ImageObject\",\"inLanguage\":\"pt-PT\",\"@id\":\"https:\\\/\\\/www.neuillysurmarne.fr\\\/es\\\/#\\\/schema\\\/logo\\\/image\\\/\",\"url\":\"https:\\\/\\\/www.neuillysurmarne.fr\\\/wp-content\\\/uploads\\\/2023\\\/10\\\/LOGO-NeuillysurMarne-blanc.png\",\"contentUrl\":\"https:\\\/\\\/www.neuillysurmarne.fr\\\/wp-content\\\/uploads\\\/2023\\\/10\\\/LOGO-NeuillysurMarne-blanc.png\",\"width\":3308,\"height\":2586,\"caption\":\"Mairie de Neuilly-sur-Marne\"},\"image\":{\"@id\":\"https:\\\/\\\/www.neuillysurmarne.fr\\\/es\\\/#\\\/schema\\\/logo\\\/image\\\/\"},\"sameAs\":[\"https:\\\/\\\/www.facebook.com\\\/ville.neuilly\",\"https:\\\/\\\/www.instagram.com\\\/neuilly_marne\\\/\",\"https:\\\/\\\/www.linkedin.com\\\/company\\\/ville-de-neuilly-sur-marne\\\/\",\"https:\\\/\\\/www.youtube.com\\\/channel\\\/UCDdZ0TLrV8rfIqjBGvoeB5A\",\"https:\\\/\\\/www.tiktok.com\\\/@villedeneuillysurmarne\"]}]}<\/script>\n<!-- \/ Yoast SEO plugin. -->","yoast_head_json":{"title":"Le M\u00e9solithique \u00e0 l'Arch\u00e9osite de la Haute-\u00cele - Mairie de Neuilly-sur-Marne","robots":{"index":"index","follow":"follow","max-snippet":"max-snippet:-1","max-image-preview":"max-image-preview:large","max-video-preview":"max-video-preview:-1"},"canonical":"https:\/\/www.neuillysurmarne.fr\/pt\/evenements\/le-mesolithique-a-larcheosite-de-la-haute-ile-2\/","og_locale":"pt_PT","og_type":"article","og_title":"Le M\u00e9solithique \u00e0 l'Arch\u00e9osite de la Haute-\u00cele - Mairie de Neuilly-sur-Marne","og_description":"D\u00e9couverte LE M\u00c9SOLITHIQUE Dimanche 7 juin de 13h30 \u00e0 18h Arch\u00e9osite de la Haute-\u00cele Quels \u00e9taient les modes de vie et les techniques utilis\u00e9s par les premiers visiteurs de la Haute-\u00cele ? Un certain nombre de gestes essentiels de la Pr\u00e9histoire vous seront r\u00e9v\u00e9l\u00e9s afin que vous puissiez vous entra\u00eener \u00e0 les reproduire. Avec les [&hellip;]","og_url":"https:\/\/www.neuillysurmarne.fr\/pt\/evenements\/le-mesolithique-a-larcheosite-de-la-haute-ile-2\/","og_site_name":"Mairie de Neuilly-sur-Marne","article_publisher":"https:\/\/www.facebook.com\/ville.neuilly","og_image":[{"width":1200,"height":480,"url":"https:\/\/www.neuillysurmarne.fr\/wp-content\/uploads\/2025\/03\/Image-site-A-la-Une-11.png","type":"image\/png"}],"twitter_card":"summary_large_image","twitter_misc":{"Tempo estimado de leitura":"1 minuto"},"schema":{"@context":"https:\/\/schema.org","@graph":[{"@type":"WebPage","@id":"https:\/\/www.neuillysurmarne.fr\/evenements\/le-mesolithique-a-larcheosite-de-la-haute-ile-2\/","url":"https:\/\/www.neuillysurmarne.fr\/evenements\/le-mesolithique-a-larcheosite-de-la-haute-ile-2\/","name":"Le M\u00e9solithique \u00e0 l'Arch\u00e9osite de la Haute-\u00cele - Mairie de Neuilly-sur-Marne","isPartOf":{"@id":"https:\/\/www.neuillysurmarne.fr\/es\/#website"},"primaryImageOfPage":{"@id":"https:\/\/www.neuillysurmarne.fr\/evenements\/le-mesolithique-a-larcheosite-de-la-haute-ile-2\/#primaryimage"},"image":{"@id":"https:\/\/www.neuillysurmarne.fr\/evenements\/le-mesolithique-a-larcheosite-de-la-haute-ile-2\/#primaryimage"},"thumbnailUrl":"https:\/\/www.neuillysurmarne.fr\/wp-content\/uploads\/2025\/03\/Image-site-A-la-Une-11.png","datePublished":"2026-03-31T14:10:00+00:00","breadcrumb":{"@id":"https:\/\/www.neuillysurmarne.fr\/evenements\/le-mesolithique-a-larcheosite-de-la-haute-ile-2\/#breadcrumb"},"inLanguage":"pt-PT","potentialAction":[{"@type":"ReadAction","target":["https:\/\/www.neuillysurmarne.fr\/evenements\/le-mesolithique-a-larcheosite-de-la-haute-ile-2\/"]}]},{"@type":"ImageObject","inLanguage":"pt-PT","@id":"https:\/\/www.neuillysurmarne.fr\/evenements\/le-mesolithique-a-larcheosite-de-la-haute-ile-2\/#primaryimage","url":"https:\/\/www.neuillysurmarne.fr\/wp-content\/uploads\/2025\/03\/Image-site-A-la-Une-11.png","contentUrl":"https:\/\/www.neuillysurmarne.fr\/wp-content\/uploads\/2025\/03\/Image-site-A-la-Une-11.png","width":1200,"height":480},{"@type":"BreadcrumbList","@id":"https:\/\/www.neuillysurmarne.fr\/evenements\/le-mesolithique-a-larcheosite-de-la-haute-ile-2\/#breadcrumb","itemListElement":[{"@type":"ListItem","position":1,"name":"Accueil","item":"https:\/\/www.neuillysurmarne.fr\/"},{"@type":"ListItem","position":2,"name":"Le M\u00e9solithique \u00e0 l&rsquo;Arch\u00e9osite de la Haute-\u00cele"}]},{"@type":"WebSite","@id":"https:\/\/www.neuillysurmarne.fr\/es\/#website","url":"https:\/\/www.neuillysurmarne.fr\/es\/","name":"C\u00e2mara Municipal de Neuilly-sur-Marne","description":"BETA","publisher":{"@id":"https:\/\/www.neuillysurmarne.fr\/es\/#organization"},"potentialAction":[{"@type":"SearchAction","target":{"@type":"EntryPoint","urlTemplate":"https:\/\/www.neuillysurmarne.fr\/es\/?s={search_term_string}"},"query-input":{"@type":"PropertyValueSpecification","valueRequired":true,"valueName":"search_term_string"}}],"inLanguage":"pt-PT"},{"@type":"Organization","@id":"https:\/\/www.neuillysurmarne.fr\/es\/#organization","name":"C\u00e2mara Municipal de Neuilly-sur-Marne","url":"https:\/\/www.neuillysurmarne.fr\/es\/","logo":{"@type":"ImageObject","inLanguage":"pt-PT","@id":"https:\/\/www.neuillysurmarne.fr\/es\/#\/schema\/logo\/image\/","url":"https:\/\/www.neuillysurmarne.fr\/wp-content\/uploads\/2023\/10\/LOGO-NeuillysurMarne-blanc.png","contentUrl":"https:\/\/www.neuillysurmarne.fr\/wp-content\/uploads\/2023\/10\/LOGO-NeuillysurMarne-blanc.png","width":3308,"height":2586,"caption":"Mairie de Neuilly-sur-Marne"},"image":{"@id":"https:\/\/www.neuillysurmarne.fr\/es\/#\/schema\/logo\/image\/"},"sameAs":["https:\/\/www.facebook.com\/ville.neuilly","https:\/\/www.instagram.com\/neuilly_marne\/","https:\/\/www.linkedin.com\/company\/ville-de-neuilly-sur-marne\/","https:\/\/www.youtube.com\/channel\/UCDdZ0TLrV8rfIqjBGvoeB5A","https:\/\/www.tiktok.com\/@villedeneuillysurmarne"]}]}},"_links":{"self":[{"href":"https:\/\/www.neuillysurmarne.fr\/pt\/wp-json\/wp\/v2\/evenements\/17744","targetHints":{"allow":["GET"]}}],"collection":[{"href":"https:\/\/www.neuillysurmarne.fr\/pt\/wp-json\/wp\/v2\/evenements"}],"about":[{"href":"https:\/\/www.neuillysurmarne.fr\/pt\/wp-json\/wp\/v2\/types\/evenements"}],"wp:featuredmedia":[{"embeddable":true,"href":"https:\/\/www.neuillysurmarne.fr\/pt\/wp-json\/wp\/v2\/media\/14746"}],"wp:attachment":[{"href":"https:\/\/www.neuillysurmarne.fr\/pt\/wp-json\/wp\/v2\/media?parent=17744"}],"wp:term":[{"taxonomy":"categorie-evenement","embeddable":true,"href":"https:\/\/www.neuillysurmarne.fr\/pt\/wp-json\/wp\/v2\/categorie-evenement?post=17744"}],"curies":[{"name":"wp","href":"https:\/\/api.w.org\/{rel}","templated":true}]}}

Le Mésolithique à l&rsquo;Archéosite de la Haute-Île

<h3><strong>Découverte</strong></h3>
<h3><strong>LE MÉSOLITHIQUE</strong></h3>
<p><strong>Dimanche 7 juin de 13h30 à 18h</strong><br />
<strong>Archéosite de la Haute-Île</strong></p>
<p>Quels étaient les modes de vie et les techniques utilisés par les premiers visiteurs de la Haute-Île ? Un certain nombre de gestes essentiels de la Préhistoire vous seront révélés afin que vous puissiez vous entraîner à les reproduire.<br />
Avec les médiateur·rice·s de l&rsquo;Archéosite.</p>
<p>À partir de 8 ans, inscription conseillée sur exploreparis.com</p>

<!-- This site is optimized with the Yoast SEO plugin v27.4 - https://yoast.com/product/yoast-seo-wordpress/ -->
<title>Le Mésolithique à l&#039;Archéosite de la Haute-Île - Mairie de Neuilly-sur-Marne</title>
<meta name="robots" content="index, follow, max-snippet:-1, max-image-preview:large, max-video-preview:-1" />
<link rel="canonical" href="https://www.neuillysurmarne.fr/pt/evenements/le-mesolithique-a-larcheosite-de-la-haute-ile-2/" />
<meta property="og:locale" content="pt_PT" />
<meta property="og:type" content="article" />
<meta property="og:title" content="Le Mésolithique à l&#039;Archéosite de la Haute-Île - Mairie de Neuilly-sur-Marne" />
<meta property="og:description" content="Découverte LE MÉSOLITHIQUE Dimanche 7 juin de 13h30 à 18h Archéosite de la Haute-Île Quels étaient les modes de vie et les techniques utilisés par les premiers visiteurs de la Haute-Île ? Un certain nombre de gestes essentiels de la Préhistoire vous seront révélés afin que vous puissiez vous entraîner à les reproduire. Avec les [&hellip;]" />
<meta property="og:url" content="https://www.neuillysurmarne.fr/pt/evenements/le-mesolithique-a-larcheosite-de-la-haute-ile-2/" />
<meta property="og:site_name" content="Mairie de Neuilly-sur-Marne" />
<meta property="article:publisher" content="https://www.facebook.com/ville.neuilly" />
<meta property="og:image" content="https://www.neuillysurmarne.fr/wp-content/uploads/2025/03/Image-site-A-la-Une-11.png" />
	<meta property="og:image:width" content="1200" />
	<meta property="og:image:height" content="480" />
	<meta property="og:image:type" content="image/png" />
<meta name="twitter:card" content="summary_large_image" />
<meta name="twitter:label1" content="Tempo estimado de leitura" />
	<meta name="twitter:data1" content="1 minuto" />
<script type="application/ld+json" class="yoast-schema-graph">{"@context":"https:\/\/schema.org","@graph":[{"@type":"WebPage","@id":"https:\/\/www.neuillysurmarne.fr\/evenements\/le-mesolithique-a-larcheosite-de-la-haute-ile-2\/","url":"https:\/\/www.neuillysurmarne.fr\/evenements\/le-mesolithique-a-larcheosite-de-la-haute-ile-2\/","name":"Le Mésolithique à l'Archéosite de la Haute-Île - Mairie de Neuilly-sur-Marne","isPartOf":{"@id":"https:\/\/www.neuillysurmarne.fr\/es\/#website"},"primaryImageOfPage":{"@id":"https:\/\/www.neuillysurmarne.fr\/evenements\/le-mesolithique-a-larcheosite-de-la-haute-ile-2\/#primaryimage"},"image":{"@id":"https:\/\/www.neuillysurmarne.fr\/evenements\/le-mesolithique-a-larcheosite-de-la-haute-ile-2\/#primaryimage"},"thumbnailUrl":"https:\/\/www.neuillysurmarne.fr\/wp-content\/uploads\/2025\/03\/Image-site-A-la-Une-11.png","datePublished":"2026-03-31T14:10:00+00:00","breadcrumb":{"@id":"https:\/\/www.neuillysurmarne.fr\/evenements\/le-mesolithique-a-larcheosite-de-la-haute-ile-2\/#breadcrumb"},"inLanguage":"pt-PT","potentialAction":[{"@type":"ReadAction","target":["https:\/\/www.neuillysurmarne.fr\/evenements\/le-mesolithique-a-larcheosite-de-la-haute-ile-2\/"]}]},{"@type":"ImageObject","inLanguage":"pt-PT","@id":"https:\/\/www.neuillysurmarne.fr\/evenements\/le-mesolithique-a-larcheosite-de-la-haute-ile-2\/#primaryimage","url":"https:\/\/www.neuillysurmarne.fr\/wp-content\/uploads\/2025\/03\/Image-site-A-la-Une-11.png","contentUrl":"https:\/\/www.neuillysurmarne.fr\/wp-content\/uploads\/2025\/03\/Image-site-A-la-Une-11.png","width":1200,"height":480},{"@type":"BreadcrumbList","@id":"https:\/\/www.neuillysurmarne.fr\/evenements\/le-mesolithique-a-larcheosite-de-la-haute-ile-2\/#breadcrumb","itemListElement":[{"@type":"ListItem","position":1,"name":"Accueil","item":"https:\/\/www.neuillysurmarne.fr\/"},{"@type":"ListItem","position":2,"name":"Le Mésolithique à l&rsquo;Archéosite de la Haute-Île"}]},{"@type":"WebSite","@id":"https:\/\/www.neuillysurmarne.fr\/es\/#website","url":"https:\/\/www.neuillysurmarne.fr\/es\/","name":"Mairie de Neuilly-sur-Marne","description":"BETA","publisher":{"@id":"https:\/\/www.neuillysurmarne.fr\/es\/#organization"},"potentialAction":[{"@type":"SearchAction","target":{"@type":"EntryPoint","urlTemplate":"https:\/\/www.neuillysurmarne.fr\/es\/?s={search_term_string}"},"query-input":{"@type":"PropertyValueSpecification","valueRequired":true,"valueName":"search_term_string"}}],"inLanguage":"pt-PT"},{"@type":"Organization","@id":"https:\/\/www.neuillysurmarne.fr\/es\/#organization","name":"Mairie de Neuilly-sur-Marne","url":"https:\/\/www.neuillysurmarne.fr\/es\/","logo":{"@type":"ImageObject","inLanguage":"pt-PT","@id":"https:\/\/www.neuillysurmarne.fr\/es\/#\/schema\/logo\/image\/","url":"https:\/\/www.neuillysurmarne.fr\/wp-content\/uploads\/2023\/10\/LOGO-NeuillysurMarne-blanc.png","contentUrl":"https:\/\/www.neuillysurmarne.fr\/wp-content\/uploads\/2023\/10\/LOGO-NeuillysurMarne-blanc.png","width":3308,"height":2586,"caption":"Mairie de Neuilly-sur-Marne"},"image":{"@id":"https:\/\/www.neuillysurmarne.fr\/es\/#\/schema\/logo\/image\/"},"sameAs":["https:\/\/www.facebook.com\/ville.neuilly","https:\/\/www.instagram.com\/neuilly_marne\/","https:\/\/www.linkedin.com\/company\/ville-de-neuilly-sur-marne\/","https:\/\/www.youtube.com\/channel\/UCDdZ0TLrV8rfIqjBGvoeB5A","https:\/\/www.tiktok.com\/@villedeneuillysurmarne"]}]}</script>
<!-- / Yoast SEO plugin. -->

Le Mésolithique à l'Archéosite de la Haute-Île - Mairie de Neuilly-sur-Marne

Découverte LE MÉSOLITHIQUE Dimanche 7 juin de 13h30 à 18h Archéosite de la Haute-Île Quels étaient les modes de vie et les techniques utilisés par les premiers visiteurs de la Haute-Île ? Un certain nombre de gestes essentiels de la Préhistoire vous seront révélés afin que vous puissiez vous entraîner à les reproduire. Avec les [&hellip;]

Câmara Municipal de Neuilly-sur-Marne
