{"version":"1.0","provider_name":"\u9a6c\u6069\u6cb3\u7554\u8bb7\u4f0a\u5e02\u653f\u5385","provider_url":"https:\/\/www.neuillysurmarne.fr\/zh","title":"Ville Aidante Alzheimer - Mairie de Neuilly-sur-Marne","type":"rich","width":600,"height":338,"html":"<blockquote class=\"wp-embedded-content\" data-secret=\"8YvWVE3JCH\"><a href=\"https:\/\/www.neuillysurmarne.fr\/zh\/ville-aidante-alzheimer\/\">\u7ef4\u5c14-\u827e\u4e39\u7279-\u963f\u5c14\u8328\u6d77\u9ed8\u6c0f\u75c7<\/a><\/blockquote><iframe sandbox=\"allow-scripts\" security=\"restricted\" src=\"https:\/\/www.neuillysurmarne.fr\/zh\/ville-aidante-alzheimer\/embed\/#?secret=8YvWVE3JCH\" width=\"600\" height=\"338\" title=\"\u300a Ville Aidante Alzheimer \u300b\u2014Mairie de Neuilly-sur-Marne\" data-secret=\"8YvWVE3JCH\" frameborder=\"0\" marginwidth=\"0\" marginheight=\"0\" scrolling=\"no\" class=\"wp-embedded-content\"><\/iframe><script>\n\/*! This file is auto-generated *\/\n!function(d,l){\"use strict\";l.querySelector&&d.addEventListener&&\"undefined\"!=typeof URL&&(d.wp=d.wp||{},d.wp.receiveEmbedMessage||(d.wp.receiveEmbedMessage=function(e){var t=e.data;if((t||t.secret||t.message||t.value)&&!\/[^a-zA-Z0-9]\/.test(t.secret)){for(var s,r,n,a=l.querySelectorAll('iframe[data-secret=\"'+t.secret+'\"]'),o=l.querySelectorAll('blockquote[data-secret=\"'+t.secret+'\"]'),c=new RegExp(\"^https?:$\",\"i\"),i=0;i<o.length;i++)o[i].style.display=\"none\";for(i=0;i<a.length;i++)s=a[i],e.source===s.contentWindow&&(s.removeAttribute(\"style\"),\"height\"===t.message?(1e3<(r=parseInt(t.value,10))?r=1e3:~~r<200&&(r=200),s.height=r):\"link\"===t.message&&(r=new URL(s.getAttribute(\"src\")),n=new URL(t.value),c.test(n.protocol))&&n.host===r.host&&l.activeElement===s&&(d.top.location.href=t.value))}},d.addEventListener(\"message\",d.wp.receiveEmbedMessage,!1),l.addEventListener(\"DOMContentLoaded\",function(){for(var e,t,s=l.querySelectorAll(\"iframe.wp-embedded-content\"),r=0;r<s.length;r++)(t=(e=s[r]).getAttribute(\"data-secret\"))||(t=Math.random().toString(36).substring(2,12),e.src+=\"#?secret=\"+t,e.setAttribute(\"data-secret\",t)),e.contentWindow.postMessage({message:\"ready\",secret:t},\"*\")},!1)))}(window,document);\n\/\/# sourceURL=https:\/\/www.neuillysurmarne.fr\/wp-includes\/js\/wp-embed.min.js\n<\/script>","thumbnail_url":"https:\/\/www.neuillysurmarne.fr\/wp-content\/uploads\/2024\/05\/AdobeStock_670386562-scaled.jpeg","thumbnail_width":2560,"thumbnail_height":1138,"description":"Alzheimer au c\u0153ur de l&rsquo;espace public \u00c0 la fin de l\u2019ann\u00e9e 2021, Neuilly-sur-Marne est devenue\u00a0la premi\u00e8re \u00ab\u00a0Ville Aidante Alzheimer\u00a0\u00bb du d\u00e9partement de la Seine-Saint-Denis. La Ville a en effet marqu\u00e9 son engagement par la mise en place d\u2019un partenariat avec l\u2019association\u00a0France Alzheimer. Celui-ci consiste \u00e0 adh\u00e9rer \u00e0 la charte \u00ab\u00a0Ville Aidante Alzheimer\u00a0\u00bb et \u00e0\u00a0favoriser davantage [&hellip;]"}

马恩河畔讷伊市政厅

<blockquote class="wp-embedded-content" data-secret="8YvWVE3JCH"><a href="https://www.neuillysurmarne.fr/zh/ville-aidante-alzheimer/">维尔-艾丹特-阿尔茨海默氏症</a></blockquote><iframe sandbox="allow-scripts" security="restricted" src="https://www.neuillysurmarne.fr/zh/ville-aidante-alzheimer/embed/#?secret=8YvWVE3JCH" width="600" height="338" title="《 Ville Aidante Alzheimer 》—Mairie de Neuilly-sur-Marne" data-secret="8YvWVE3JCH" frameborder="0" marginwidth="0" marginheight="0" scrolling="no" class="wp-embedded-content"></iframe><script>
/*! This file is auto-generated */
!function(d,l){"use strict";l.querySelector&&d.addEventListener&&"undefined"!=typeof URL&&(d.wp=d.wp||{},d.wp.receiveEmbedMessage||(d.wp.receiveEmbedMessage=function(e){var t=e.data;if((t||t.secret||t.message||t.value)&&!/[^a-zA-Z0-9]/.test(t.secret)){for(var s,r,n,a=l.querySelectorAll('iframe[data-secret="'+t.secret+'"]'),o=l.querySelectorAll('blockquote[data-secret="'+t.secret+'"]'),c=new RegExp("^https?:$","i"),i=0;i<o.length;i++)o[i].style.display="none";for(i=0;i<a.length;i++)s=a[i],e.source===s.contentWindow&&(s.removeAttribute("style"),"height"===t.message?(1e3<(r=parseInt(t.value,10))?r=1e3:~~r<200&&(r=200),s.height=r):"link"===t.message&&(r=new URL(s.getAttribute("src")),n=new URL(t.value),c.test(n.protocol))&&n.host===r.host&&l.activeElement===s&&(d.top.location.href=t.value))}},d.addEventListener("message",d.wp.receiveEmbedMessage,!1),l.addEventListener("DOMContentLoaded",function(){for(var e,t,s=l.querySelectorAll("iframe.wp-embedded-content"),r=0;r<s.length;r++)(t=(e=s[r]).getAttribute("data-secret"))||(t=Math.random().toString(36).substring(2,12),e.src+="#?secret="+t,e.setAttribute("data-secret",t)),e.contentWindow.postMessage({message:"ready",secret:t},"*")},!1)))}(window,document);
//# sourceURL=https://www.neuillysurmarne.fr/wp-includes/js/wp-embed.min.js
</script>

Alzheimer au cœur de l&rsquo;espace public À la fin de l’année 2021, Neuilly-sur-Marne est devenue la première « Ville Aidante Alzheimer » du département de la Seine-Saint-Denis. La Ville a en effet marqué son engagement par la mise en place d’un partenariat avec l’association France Alzheimer. Celui-ci consiste à adhérer à la charte « Ville Aidante Alzheimer » et à favoriser davantage [&hellip;]
