{"id":16150,"date":"2025-08-28T16:34:21","date_gmt":"2025-08-28T14:34:21","guid":{"rendered":"https:\/\/www.neuillysurmarne.fr\/?post_type=evenements&#038;p=16150"},"modified":"2025-08-28T16:34:21","modified_gmt":"2025-08-28T14:34:21","slug":"atelier-theatre-enfants-et-jeunes","status":"publish","type":"evenements","link":"https:\/\/www.neuillysurmarne.fr\/zh\/evenements\/atelier-theatre-enfants-et-jeunes\/","title":{"rendered":"Atelier Th\u00e9\u00e2tre &#8211; Enfants et jeunes"},"content":{"rendered":"<div class=\"elementor-element elementor-element-1b07667 elementor-widget elementor-widget-theme-post-content\" data-id=\"1b07667\" data-element_type=\"widget\" data-widget_type=\"theme-post-content.default\">\n<div class=\"elementor-widget-container\">\n<h3><strong>\u5267\u9662<\/strong><br \/>\n<strong>ATELIER TH\u00c9\u00c2TRE ENFANTS ET JEUNES<\/strong><\/h3>\n<p><b>Samedi 6 juin<br \/>\nLudom\u00e9diath\u00e8que Antoine de Saint-Exup\u00e9ry<\/b><\/p>\n<p><em>\u4e00\u822c\u516c\u4f17<br \/>\nGratuit sur r\u00e9servation au 01 43 00 88 88 ou \u00e0 <a href=\"mailto:centres.culturels@neuillysurmarne.fr\"><strong>centres.culturels@neuillysurmarne.fr<\/strong><\/a><\/em><\/p>\n<ul>\n<li>14h30 : spectacle des 9\/12 ans<\/li>\n<li>17h : spectacle des 13\/15 ans<\/li>\n<li>20h : spectacle des 16\/19 ans<\/li>\n<\/ul>\n<\/div>\n<\/div>","protected":false},"featured_media":11581,"template":"","categorie-evenement":[232],"class_list":["post-16150","evenements","type-evenements","status-publish","has-post-thumbnail","hentry","categorie-evenement-culture"],"acf":[],"yoast_head":"<!-- This site is optimized with the Yoast SEO plugin v27.4 - https:\/\/yoast.com\/product\/yoast-seo-wordpress\/ -->\n<title>Atelier Th\u00e9\u00e2tre - Enfants et jeunes - Mairie de Neuilly-sur-Marne<\/title>\n<meta name=\"robots\" content=\"index, follow, max-snippet:-1, max-image-preview:large, max-video-preview:-1\" \/>\n<link rel=\"canonical\" href=\"https:\/\/www.neuillysurmarne.fr\/zh\/evenements\/atelier-theatre-enfants-et-jeunes\/\" \/>\n<meta property=\"og:locale\" content=\"zh_CN\" \/>\n<meta property=\"og:type\" content=\"article\" \/>\n<meta property=\"og:title\" content=\"Atelier Th\u00e9\u00e2tre - Enfants et jeunes - Mairie de Neuilly-sur-Marne\" \/>\n<meta property=\"og:description\" content=\"Th\u00e9\u00e2tre ATELIER TH\u00c9\u00c2TRE ENFANTS ET JEUNES Samedi 6 juin Ludom\u00e9diath\u00e8que Antoine de Saint-Exup\u00e9ry Tout public Gratuit sur r\u00e9servation au 01 43 00 88 88 ou \u00e0 centres.culturels@neuillysurmarne.fr 14h30 : spectacle des 9\/12 ans 17h : spectacle des 13\/15 ans 20h : spectacle des 16\/19 ans\" \/>\n<meta property=\"og:url\" content=\"https:\/\/www.neuillysurmarne.fr\/zh\/evenements\/atelier-theatre-enfants-et-jeunes\/\" \/>\n<meta property=\"og:site_name\" content=\"Mairie de Neuilly-sur-Marne\" \/>\n<meta property=\"article:publisher\" content=\"https:\/\/www.facebook.com\/ville.neuilly\" \/>\n<meta property=\"og:image\" content=\"https:\/\/www.neuillysurmarne.fr\/wp-content\/uploads\/2024\/07\/AdobeStock_722759415-scaled.jpeg\" \/>\n\t<meta property=\"og:image:width\" content=\"2560\" \/>\n\t<meta property=\"og:image:height\" content=\"921\" \/>\n\t<meta property=\"og:image:type\" content=\"image\/jpeg\" \/>\n<meta name=\"twitter:card\" content=\"summary_large_image\" \/>\n<meta name=\"twitter:label1\" content=\"\u9884\u8ba1\u9605\u8bfb\u65f6\u95f4\" \/>\n\t<meta name=\"twitter:data1\" content=\"1 \u5206\" \/>\n<script type=\"application\/ld+json\" class=\"yoast-schema-graph\">{\"@context\":\"https:\\\/\\\/schema.org\",\"@graph\":[{\"@type\":\"WebPage\",\"@id\":\"https:\\\/\\\/www.neuillysurmarne.fr\\\/evenements\\\/atelier-theatre-enfants-et-jeunes\\\/\",\"url\":\"https:\\\/\\\/www.neuillysurmarne.fr\\\/evenements\\\/atelier-theatre-enfants-et-jeunes\\\/\",\"name\":\"Atelier Th\u00e9\u00e2tre - Enfants et jeunes - Mairie de Neuilly-sur-Marne\",\"isPartOf\":{\"@id\":\"https:\\\/\\\/www.neuillysurmarne.fr\\\/es\\\/#website\"},\"primaryImageOfPage\":{\"@id\":\"https:\\\/\\\/www.neuillysurmarne.fr\\\/evenements\\\/atelier-theatre-enfants-et-jeunes\\\/#primaryimage\"},\"image\":{\"@id\":\"https:\\\/\\\/www.neuillysurmarne.fr\\\/evenements\\\/atelier-theatre-enfants-et-jeunes\\\/#primaryimage\"},\"thumbnailUrl\":\"https:\\\/\\\/www.neuillysurmarne.fr\\\/wp-content\\\/uploads\\\/2024\\\/07\\\/AdobeStock_722759415-scaled.jpeg\",\"datePublished\":\"2025-08-28T14:34:21+00:00\",\"breadcrumb\":{\"@id\":\"https:\\\/\\\/www.neuillysurmarne.fr\\\/evenements\\\/atelier-theatre-enfants-et-jeunes\\\/#breadcrumb\"},\"inLanguage\":\"zh-Hans\",\"potentialAction\":[{\"@type\":\"ReadAction\",\"target\":[\"https:\\\/\\\/www.neuillysurmarne.fr\\\/evenements\\\/atelier-theatre-enfants-et-jeunes\\\/\"]}]},{\"@type\":\"ImageObject\",\"inLanguage\":\"zh-Hans\",\"@id\":\"https:\\\/\\\/www.neuillysurmarne.fr\\\/evenements\\\/atelier-theatre-enfants-et-jeunes\\\/#primaryimage\",\"url\":\"https:\\\/\\\/www.neuillysurmarne.fr\\\/wp-content\\\/uploads\\\/2024\\\/07\\\/AdobeStock_722759415-scaled.jpeg\",\"contentUrl\":\"https:\\\/\\\/www.neuillysurmarne.fr\\\/wp-content\\\/uploads\\\/2024\\\/07\\\/AdobeStock_722759415-scaled.jpeg\",\"width\":2560,\"height\":921,\"caption\":\"In a theatre, sit in a row with red armchairs and popcorn cup holders. The idea of entertainment and watching films,\"},{\"@type\":\"BreadcrumbList\",\"@id\":\"https:\\\/\\\/www.neuillysurmarne.fr\\\/evenements\\\/atelier-theatre-enfants-et-jeunes\\\/#breadcrumb\",\"itemListElement\":[{\"@type\":\"ListItem\",\"position\":1,\"name\":\"Accueil\",\"item\":\"https:\\\/\\\/www.neuillysurmarne.fr\\\/\"},{\"@type\":\"ListItem\",\"position\":2,\"name\":\"Atelier Th\u00e9\u00e2tre &#8211; Enfants et jeunes\"}]},{\"@type\":\"WebSite\",\"@id\":\"https:\\\/\\\/www.neuillysurmarne.fr\\\/es\\\/#website\",\"url\":\"https:\\\/\\\/www.neuillysurmarne.fr\\\/es\\\/\",\"name\":\"Mairie de Neuilly-sur-Marne\",\"description\":\"BETA\",\"publisher\":{\"@id\":\"https:\\\/\\\/www.neuillysurmarne.fr\\\/es\\\/#organization\"},\"potentialAction\":[{\"@type\":\"SearchAction\",\"target\":{\"@type\":\"EntryPoint\",\"urlTemplate\":\"https:\\\/\\\/www.neuillysurmarne.fr\\\/es\\\/?s={search_term_string}\"},\"query-input\":{\"@type\":\"PropertyValueSpecification\",\"valueRequired\":true,\"valueName\":\"search_term_string\"}}],\"inLanguage\":\"zh-Hans\"},{\"@type\":\"Organization\",\"@id\":\"https:\\\/\\\/www.neuillysurmarne.fr\\\/es\\\/#organization\",\"name\":\"Mairie de Neuilly-sur-Marne\",\"url\":\"https:\\\/\\\/www.neuillysurmarne.fr\\\/es\\\/\",\"logo\":{\"@type\":\"ImageObject\",\"inLanguage\":\"zh-Hans\",\"@id\":\"https:\\\/\\\/www.neuillysurmarne.fr\\\/es\\\/#\\\/schema\\\/logo\\\/image\\\/\",\"url\":\"https:\\\/\\\/www.neuillysurmarne.fr\\\/wp-content\\\/uploads\\\/2023\\\/10\\\/LOGO-NeuillysurMarne-blanc.png\",\"contentUrl\":\"https:\\\/\\\/www.neuillysurmarne.fr\\\/wp-content\\\/uploads\\\/2023\\\/10\\\/LOGO-NeuillysurMarne-blanc.png\",\"width\":3308,\"height\":2586,\"caption\":\"Mairie de Neuilly-sur-Marne\"},\"image\":{\"@id\":\"https:\\\/\\\/www.neuillysurmarne.fr\\\/es\\\/#\\\/schema\\\/logo\\\/image\\\/\"},\"sameAs\":[\"https:\\\/\\\/www.facebook.com\\\/ville.neuilly\",\"https:\\\/\\\/www.instagram.com\\\/neuilly_marne\\\/\",\"https:\\\/\\\/www.linkedin.com\\\/company\\\/ville-de-neuilly-sur-marne\\\/\",\"https:\\\/\\\/www.youtube.com\\\/channel\\\/UCDdZ0TLrV8rfIqjBGvoeB5A\",\"https:\\\/\\\/www.tiktok.com\\\/@villedeneuillysurmarne\"]}]}<\/script>\n<!-- \/ Yoast SEO plugin. -->","yoast_head_json":{"title":"Atelier Th\u00e9\u00e2tre - Enfants et jeunes - Mairie de Neuilly-sur-Marne","robots":{"index":"index","follow":"follow","max-snippet":"max-snippet:-1","max-image-preview":"max-image-preview:large","max-video-preview":"max-video-preview:-1"},"canonical":"https:\/\/www.neuillysurmarne.fr\/zh\/evenements\/atelier-theatre-enfants-et-jeunes\/","og_locale":"zh_CN","og_type":"article","og_title":"Atelier Th\u00e9\u00e2tre - Enfants et jeunes - Mairie de Neuilly-sur-Marne","og_description":"Th\u00e9\u00e2tre ATELIER TH\u00c9\u00c2TRE ENFANTS ET JEUNES Samedi 6 juin Ludom\u00e9diath\u00e8que Antoine de Saint-Exup\u00e9ry Tout public Gratuit sur r\u00e9servation au 01 43 00 88 88 ou \u00e0 centres.culturels@neuillysurmarne.fr 14h30 : spectacle des 9\/12 ans 17h : spectacle des 13\/15 ans 20h : spectacle des 16\/19 ans","og_url":"https:\/\/www.neuillysurmarne.fr\/zh\/evenements\/atelier-theatre-enfants-et-jeunes\/","og_site_name":"Mairie de Neuilly-sur-Marne","article_publisher":"https:\/\/www.facebook.com\/ville.neuilly","og_image":[{"width":2560,"height":921,"url":"https:\/\/www.neuillysurmarne.fr\/wp-content\/uploads\/2024\/07\/AdobeStock_722759415-scaled.jpeg","type":"image\/jpeg"}],"twitter_card":"summary_large_image","twitter_misc":{"\u9884\u8ba1\u9605\u8bfb\u65f6\u95f4":"1 \u5206"},"schema":{"@context":"https:\/\/schema.org","@graph":[{"@type":"WebPage","@id":"https:\/\/www.neuillysurmarne.fr\/evenements\/atelier-theatre-enfants-et-jeunes\/","url":"https:\/\/www.neuillysurmarne.fr\/evenements\/atelier-theatre-enfants-et-jeunes\/","name":"Atelier Th\u00e9\u00e2tre - Enfants et jeunes - Mairie de Neuilly-sur-Marne","isPartOf":{"@id":"https:\/\/www.neuillysurmarne.fr\/es\/#website"},"primaryImageOfPage":{"@id":"https:\/\/www.neuillysurmarne.fr\/evenements\/atelier-theatre-enfants-et-jeunes\/#primaryimage"},"image":{"@id":"https:\/\/www.neuillysurmarne.fr\/evenements\/atelier-theatre-enfants-et-jeunes\/#primaryimage"},"thumbnailUrl":"https:\/\/www.neuillysurmarne.fr\/wp-content\/uploads\/2024\/07\/AdobeStock_722759415-scaled.jpeg","datePublished":"2025-08-28T14:34:21+00:00","breadcrumb":{"@id":"https:\/\/www.neuillysurmarne.fr\/evenements\/atelier-theatre-enfants-et-jeunes\/#breadcrumb"},"inLanguage":"zh-Hans","potentialAction":[{"@type":"ReadAction","target":["https:\/\/www.neuillysurmarne.fr\/evenements\/atelier-theatre-enfants-et-jeunes\/"]}]},{"@type":"ImageObject","inLanguage":"zh-Hans","@id":"https:\/\/www.neuillysurmarne.fr\/evenements\/atelier-theatre-enfants-et-jeunes\/#primaryimage","url":"https:\/\/www.neuillysurmarne.fr\/wp-content\/uploads\/2024\/07\/AdobeStock_722759415-scaled.jpeg","contentUrl":"https:\/\/www.neuillysurmarne.fr\/wp-content\/uploads\/2024\/07\/AdobeStock_722759415-scaled.jpeg","width":2560,"height":921,"caption":"In a theatre, sit in a row with red armchairs and popcorn cup holders. The idea of entertainment and watching films,"},{"@type":"BreadcrumbList","@id":"https:\/\/www.neuillysurmarne.fr\/evenements\/atelier-theatre-enfants-et-jeunes\/#breadcrumb","itemListElement":[{"@type":"ListItem","position":1,"name":"Accueil","item":"https:\/\/www.neuillysurmarne.fr\/"},{"@type":"ListItem","position":2,"name":"Atelier Th\u00e9\u00e2tre &#8211; Enfants et jeunes"}]},{"@type":"WebSite","@id":"https:\/\/www.neuillysurmarne.fr\/es\/#website","url":"https:\/\/www.neuillysurmarne.fr\/es\/","name":"\u9a6c\u6069\u6cb3\u7554\u8bb7\u4f0a\u5e02\u653f\u5385","description":"BETA","publisher":{"@id":"https:\/\/www.neuillysurmarne.fr\/es\/#organization"},"potentialAction":[{"@type":"SearchAction","target":{"@type":"EntryPoint","urlTemplate":"https:\/\/www.neuillysurmarne.fr\/es\/?s={search_term_string}"},"query-input":{"@type":"PropertyValueSpecification","valueRequired":true,"valueName":"search_term_string"}}],"inLanguage":"zh-Hans"},{"@type":"Organization","@id":"https:\/\/www.neuillysurmarne.fr\/es\/#organization","name":"\u9a6c\u6069\u6cb3\u7554\u8bb7\u4f0a\u5e02\u653f\u5385","url":"https:\/\/www.neuillysurmarne.fr\/es\/","logo":{"@type":"ImageObject","inLanguage":"zh-Hans","@id":"https:\/\/www.neuillysurmarne.fr\/es\/#\/schema\/logo\/image\/","url":"https:\/\/www.neuillysurmarne.fr\/wp-content\/uploads\/2023\/10\/LOGO-NeuillysurMarne-blanc.png","contentUrl":"https:\/\/www.neuillysurmarne.fr\/wp-content\/uploads\/2023\/10\/LOGO-NeuillysurMarne-blanc.png","width":3308,"height":2586,"caption":"Mairie de Neuilly-sur-Marne"},"image":{"@id":"https:\/\/www.neuillysurmarne.fr\/es\/#\/schema\/logo\/image\/"},"sameAs":["https:\/\/www.facebook.com\/ville.neuilly","https:\/\/www.instagram.com\/neuilly_marne\/","https:\/\/www.linkedin.com\/company\/ville-de-neuilly-sur-marne\/","https:\/\/www.youtube.com\/channel\/UCDdZ0TLrV8rfIqjBGvoeB5A","https:\/\/www.tiktok.com\/@villedeneuillysurmarne"]}]}},"_links":{"self":[{"href":"https:\/\/www.neuillysurmarne.fr\/zh\/wp-json\/wp\/v2\/evenements\/16150","targetHints":{"allow":["GET"]}}],"collection":[{"href":"https:\/\/www.neuillysurmarne.fr\/zh\/wp-json\/wp\/v2\/evenements"}],"about":[{"href":"https:\/\/www.neuillysurmarne.fr\/zh\/wp-json\/wp\/v2\/types\/evenements"}],"wp:featuredmedia":[{"embeddable":true,"href":"https:\/\/www.neuillysurmarne.fr\/zh\/wp-json\/wp\/v2\/media\/11581"}],"wp:attachment":[{"href":"https:\/\/www.neuillysurmarne.fr\/zh\/wp-json\/wp\/v2\/media?parent=16150"}],"wp:term":[{"taxonomy":"categorie-evenement","embeddable":true,"href":"https:\/\/www.neuillysurmarne.fr\/zh\/wp-json\/wp\/v2\/categorie-evenement?post=16150"}],"curies":[{"name":"wp","href":"https:\/\/api.w.org\/{rel}","templated":true}]}}

Atelier Théâtre &#8211; Enfants et jeunes

<div class="elementor-element elementor-element-1b07667 elementor-widget elementor-widget-theme-post-content" data-id="1b07667" data-element_type="widget" data-widget_type="theme-post-content.default">
<div class="elementor-widget-container">
<h3><strong>剧院</strong><br />
<strong>ATELIER THÉÂTRE ENFANTS ET JEUNES</strong></h3>
<p><b>Samedi 6 juin<br />
Ludomédiathèque Antoine de Saint-Exupéry</b></p>
<p><em>一般公众<br />
Gratuit sur réservation au 01 43 00 88 88 ou à <a href="mailto:centres.culturels@neuillysurmarne.fr"><strong>centres.culturels@neuillysurmarne.fr</strong></a></em></p>
<ul>
<li>14h30 : spectacle des 9/12 ans</li>
<li>17h : spectacle des 13/15 ans</li>
<li>20h : spectacle des 16/19 ans</li>
</ul>
</div>
</div>

<!-- This site is optimized with the Yoast SEO plugin v27.4 - https://yoast.com/product/yoast-seo-wordpress/ -->
<title>Atelier Théâtre - Enfants et jeunes - Mairie de Neuilly-sur-Marne</title>
<meta name="robots" content="index, follow, max-snippet:-1, max-image-preview:large, max-video-preview:-1" />
<link rel="canonical" href="https://www.neuillysurmarne.fr/zh/evenements/atelier-theatre-enfants-et-jeunes/" />
<meta property="og:locale" content="zh_CN" />
<meta property="og:type" content="article" />
<meta property="og:title" content="Atelier Théâtre - Enfants et jeunes - Mairie de Neuilly-sur-Marne" />
<meta property="og:description" content="Théâtre ATELIER THÉÂTRE ENFANTS ET JEUNES Samedi 6 juin Ludomédiathèque Antoine de Saint-Exupéry Tout public Gratuit sur réservation au 01 43 00 88 88 ou à centres.culturels@neuillysurmarne.fr 14h30 : spectacle des 9/12 ans 17h : spectacle des 13/15 ans 20h : spectacle des 16/19 ans" />
<meta property="og:url" content="https://www.neuillysurmarne.fr/zh/evenements/atelier-theatre-enfants-et-jeunes/" />
<meta property="og:site_name" content="Mairie de Neuilly-sur-Marne" />
<meta property="article:publisher" content="https://www.facebook.com/ville.neuilly" />
<meta property="og:image" content="https://www.neuillysurmarne.fr/wp-content/uploads/2024/07/AdobeStock_722759415-scaled.jpeg" />
	<meta property="og:image:width" content="2560" />
	<meta property="og:image:height" content="921" />
	<meta property="og:image:type" content="image/jpeg" />
<meta name="twitter:card" content="summary_large_image" />
<meta name="twitter:label1" content="预计阅读时间" />
	<meta name="twitter:data1" content="1 分" />
<script type="application/ld+json" class="yoast-schema-graph">{"@context":"https:\/\/schema.org","@graph":[{"@type":"WebPage","@id":"https:\/\/www.neuillysurmarne.fr\/evenements\/atelier-theatre-enfants-et-jeunes\/","url":"https:\/\/www.neuillysurmarne.fr\/evenements\/atelier-theatre-enfants-et-jeunes\/","name":"Atelier Théâtre - Enfants et jeunes - Mairie de Neuilly-sur-Marne","isPartOf":{"@id":"https:\/\/www.neuillysurmarne.fr\/es\/#website"},"primaryImageOfPage":{"@id":"https:\/\/www.neuillysurmarne.fr\/evenements\/atelier-theatre-enfants-et-jeunes\/#primaryimage"},"image":{"@id":"https:\/\/www.neuillysurmarne.fr\/evenements\/atelier-theatre-enfants-et-jeunes\/#primaryimage"},"thumbnailUrl":"https:\/\/www.neuillysurmarne.fr\/wp-content\/uploads\/2024\/07\/AdobeStock_722759415-scaled.jpeg","datePublished":"2025-08-28T14:34:21+00:00","breadcrumb":{"@id":"https:\/\/www.neuillysurmarne.fr\/evenements\/atelier-theatre-enfants-et-jeunes\/#breadcrumb"},"inLanguage":"zh-Hans","potentialAction":[{"@type":"ReadAction","target":["https:\/\/www.neuillysurmarne.fr\/evenements\/atelier-theatre-enfants-et-jeunes\/"]}]},{"@type":"ImageObject","inLanguage":"zh-Hans","@id":"https:\/\/www.neuillysurmarne.fr\/evenements\/atelier-theatre-enfants-et-jeunes\/#primaryimage","url":"https:\/\/www.neuillysurmarne.fr\/wp-content\/uploads\/2024\/07\/AdobeStock_722759415-scaled.jpeg","contentUrl":"https:\/\/www.neuillysurmarne.fr\/wp-content\/uploads\/2024\/07\/AdobeStock_722759415-scaled.jpeg","width":2560,"height":921,"caption":"In a theatre, sit in a row with red armchairs and popcorn cup holders. The idea of entertainment and watching films,"},{"@type":"BreadcrumbList","@id":"https:\/\/www.neuillysurmarne.fr\/evenements\/atelier-theatre-enfants-et-jeunes\/#breadcrumb","itemListElement":[{"@type":"ListItem","position":1,"name":"Accueil","item":"https:\/\/www.neuillysurmarne.fr\/"},{"@type":"ListItem","position":2,"name":"Atelier Théâtre &#8211; Enfants et jeunes"}]},{"@type":"WebSite","@id":"https:\/\/www.neuillysurmarne.fr\/es\/#website","url":"https:\/\/www.neuillysurmarne.fr\/es\/","name":"Mairie de Neuilly-sur-Marne","description":"BETA","publisher":{"@id":"https:\/\/www.neuillysurmarne.fr\/es\/#organization"},"potentialAction":[{"@type":"SearchAction","target":{"@type":"EntryPoint","urlTemplate":"https:\/\/www.neuillysurmarne.fr\/es\/?s={search_term_string}"},"query-input":{"@type":"PropertyValueSpecification","valueRequired":true,"valueName":"search_term_string"}}],"inLanguage":"zh-Hans"},{"@type":"Organization","@id":"https:\/\/www.neuillysurmarne.fr\/es\/#organization","name":"Mairie de Neuilly-sur-Marne","url":"https:\/\/www.neuillysurmarne.fr\/es\/","logo":{"@type":"ImageObject","inLanguage":"zh-Hans","@id":"https:\/\/www.neuillysurmarne.fr\/es\/#\/schema\/logo\/image\/","url":"https:\/\/www.neuillysurmarne.fr\/wp-content\/uploads\/2023\/10\/LOGO-NeuillysurMarne-blanc.png","contentUrl":"https:\/\/www.neuillysurmarne.fr\/wp-content\/uploads\/2023\/10\/LOGO-NeuillysurMarne-blanc.png","width":3308,"height":2586,"caption":"Mairie de Neuilly-sur-Marne"},"image":{"@id":"https:\/\/www.neuillysurmarne.fr\/es\/#\/schema\/logo\/image\/"},"sameAs":["https:\/\/www.facebook.com\/ville.neuilly","https:\/\/www.instagram.com\/neuilly_marne\/","https:\/\/www.linkedin.com\/company\/ville-de-neuilly-sur-marne\/","https:\/\/www.youtube.com\/channel\/UCDdZ0TLrV8rfIqjBGvoeB5A","https:\/\/www.tiktok.com\/@villedeneuillysurmarne"]}]}</script>
<!-- / Yoast SEO plugin. -->

Atelier Théâtre - Enfants et jeunes - Mairie de Neuilly-sur-Marne

Théâtre ATELIER THÉÂTRE ENFANTS ET JEUNES Samedi 6 juin Ludomédiathèque Antoine de Saint-Exupéry Tout public Gratuit sur réservation au 01 43 00 88 88 ou à centres.culturels@neuillysurmarne.fr 14h30 : spectacle des 9/12 ans 17h : spectacle des 13/15 ans 20h : spectacle des 16/19 ans

1 分

马恩河畔讷伊市政厅
